{"id":11290,"date":"2015-12-08T22:44:16","date_gmt":"2015-12-08T22:44:16","guid":{"rendered":"http:\/\/dueceira.pt\/new\/?page_id=11290"},"modified":"2025-11-03T14:49:53","modified_gmt":"2025-11-03T14:49:53","slug":"territorio","status":"publish","type":"page","link":"https:\/\/dueceira.pt\/?page_id=11290","title":{"rendered":"Territ\u00f3rio"},"content":{"rendered":"<div class=\"fusion-fullwidth fullwidth-box fusion-builder-row-1 hundred-percent-fullwidth non-hundred-percent-height-scrolling\" style=\"--awb-border-radius-top-left:0px;--awb-border-radius-top-right:0px;--awb-border-radius-bottom-right:0px;--awb-border-radius-bottom-left:0px;--awb-overflow:visible;--awb-flex-wrap:wrap;\" ><div class=\"fusion-builder-row fusion-row\"><div class=\"fusion-layout-column fusion_builder_column fusion-builder-column-0 fusion_builder_column_2_3 2_3 fusion-two-third fusion-column-first\" style=\"--awb-bg-size:cover;width:65.3333%; margin-right: 4%;\"><div class=\"fusion-column-wrapper fusion-flex-column-wrapper-legacy\"><div class=\"fusion-text fusion-text-1\"><h1>Retrato\u00a0Territorial<\/h1>\n<h1><a href=\"https:\/\/dueceira.pt\/wp-content\/uploads\/2025\/07\/MAPA-Dueceira-2030.jpg\"><img decoding=\"async\" class=\" wp-image-15068 alignleft\" src=\"https:\/\/dueceira.pt\/wp-content\/uploads\/2025\/07\/MAPA-Dueceira-2030.jpg\" alt=\"\" width=\"484\" height=\"388\" srcset=\"https:\/\/dueceira.pt\/wp-content\/uploads\/2025\/07\/MAPA-Dueceira-2030-177x142.jpg 177w, https:\/\/dueceira.pt\/wp-content\/uploads\/2025\/07\/MAPA-Dueceira-2030-200x160.jpg 200w, https:\/\/dueceira.pt\/wp-content\/uploads\/2025\/07\/MAPA-Dueceira-2030-300x240.jpg 300w, https:\/\/dueceira.pt\/wp-content\/uploads\/2025\/07\/MAPA-Dueceira-2030-400x320.jpg 400w, https:\/\/dueceira.pt\/wp-content\/uploads\/2025\/07\/MAPA-Dueceira-2030.jpg 561w\" sizes=\"(max-width: 484px) 100vw, 484px\" \/><\/a><\/h1>\n<p>&nbsp;<\/p>\n<p>&nbsp;<\/p>\n<p>&nbsp;<\/p>\n<p>&nbsp;<\/p>\n<p>&nbsp;<\/p>\n<p>&nbsp;<\/p>\n<p>&nbsp;<\/p>\n<p>&nbsp;<\/p>\n<p>&nbsp;<\/p>\n<p>&nbsp;<\/p>\n<p>&nbsp;<\/p>\n<p>&nbsp;<\/p>\n<p>&nbsp;<\/p>\n<p>&nbsp;<\/p>\n<ul>\n<li>\n<h4><span style=\"color: #333333;\">NUT I \u2013 Portugal Continental<\/span><\/h4>\n<\/li>\n<li>\n<h4><span style=\"color: #333333;\">NUT II \u2013 Regi\u00e3o Centro,<\/span><\/h4>\n<\/li>\n<li>\n<h4><span style=\"color: #333333;\">NUT III &#8211; CIM RC &#8211; Comunidade Inter Municipal da Regi\u00e3o de Coimbra<\/span><\/h4>\n<\/li>\n<li>\n<h4><span style=\"color: #333333;\">Concelhos (4): Lous\u00e3 | Miranda do Corvo | Penela (*) | Vila Nova de Poiares<\/span><\/h4>\n<\/li>\n<li>\n<h4>Freguesias (16): Casal de Ermio e Foz de Arouce; Lous\u00e3 e Vilarinho; Serpins; G\u00e2ndaras; Lamas; Miranda do Corvo; Semide e Rio de Vide; Vila Nova; Arrifana; Lavegadas; Poiares (Santo Andr\u00e9); S\u00e3o Miguel de Poiares e ainda Cumeeira (*), Espinhal (*), Podentes (*), S\u00e3o Miguel \/Santa Euf\u00e9mia e Raba\u00e7al (*)<\/h4>\n<\/li>\n<li>\n<h4>Classifica\u00e7\u00e3o: territ\u00f3rio rural, n\u00e3o litor\u00e2neo, de montanha, de interior, vulner\u00e1vel<\/h4>\n<\/li>\n<\/ul>\n<p>&nbsp;<\/p>\n<p><a href=\"https:\/\/dueceira.pt\/wp-content\/uploads\/2025\/07\/Info-TI-Dueceira.png\"><img decoding=\"async\" class=\"alignnone wp-image-15070\" src=\"https:\/\/dueceira.pt\/wp-content\/uploads\/2025\/07\/Info-TI-Dueceira.png\" alt=\"\" width=\"485\" height=\"312\" srcset=\"https:\/\/dueceira.pt\/wp-content\/uploads\/2025\/07\/Info-TI-Dueceira-200x128.png 200w, https:\/\/dueceira.pt\/wp-content\/uploads\/2025\/07\/Info-TI-Dueceira-300x193.png 300w, https:\/\/dueceira.pt\/wp-content\/uploads\/2025\/07\/Info-TI-Dueceira-400x257.png 400w, https:\/\/dueceira.pt\/wp-content\/uploads\/2025\/07\/Info-TI-Dueceira-460x295.png 460w, https:\/\/dueceira.pt\/wp-content\/uploads\/2025\/07\/Info-TI-Dueceira-600x385.png 600w, https:\/\/dueceira.pt\/wp-content\/uploads\/2025\/07\/Info-TI-Dueceira-768x493.png 768w, https:\/\/dueceira.pt\/wp-content\/uploads\/2025\/07\/Info-TI-Dueceira-800x514.png 800w, https:\/\/dueceira.pt\/wp-content\/uploads\/2025\/07\/Info-TI-Dueceira.png 816w\" sizes=\"(max-width: 485px) 100vw, 485px\" \/><\/a><\/p>\n<p>&nbsp;<\/p>\n<p style=\"text-align: justify;\">(*) O concelho de Penela n\u00e3o integra o territ\u00f3rio de implementa\u00e7\u00e3o do DLBC Rural DUECEIRA 2030 (2021\/2027), estando neste \u00e2mbito associado ao DLBC da Terras de Sic\u00f3 \u2013 Associa\u00e7\u00e3o de Desenvolvimento. Todos os dados apresentados reportam ambas as situa\u00e7\u00f5es.<\/p>\n<h1>Breve Caracteriza\u00e7\u00e3o<\/h1>\n<h4>O Territ\u00f3rio \u00e9 delimitado a Norte pelos Rios Mondego e Alva que definem uma fronteira natural e integram uma <strong>rede hidrogr\u00e1fica expressiva<\/strong> composta pelos Rios Ceira, Arouce, Due\u00e7a, Alheda, Ribeira de Poiares e ribeiras de menor dimens\u00e3o.<\/h4>\n<h4>Os concelhos adjacentes ao territ\u00f3rio s\u00e3o Condeixa-a-Nova, Coimbra, Penacova, Arganil, G\u00f3is, Castanheira de Pera e Figueir\u00f3 dos Vinhos.<\/h4>\n<h4>Apesar do territ\u00f3rio distar cerca de 30km \u00e0 capital regional Coimbra &#8211; factor que exerce uma forte press\u00e3o nos fluxos pendulares -, identifica-se como uma <strong>regi\u00e3o com multi fragilidades<\/strong> &#8211; demogr\u00e1ficas, econ\u00f3micas e ambientais, situa\u00e7\u00e3o que a define como <strong>zona vulner\u00e1vel<\/strong> e <strong>com caracter\u00edsticas de interioridade<\/strong>.<\/h4>\n<h4>Todo o territ\u00f3rio \u00e9 <strong>classificado como Zona de Montanha<\/strong>, sendo o Maci\u00e7o Montanhoso da <strong>Serra da Lous\u00e3<\/strong> o que mais contribui para a orografia da regi\u00e3o, com acentuados declives, onde predomina o Xisto. A Norte, no concelho de Vila Nova de Poiares, as refer\u00eancias orogr\u00e1ficas constituem as Serras do Carvalho e do Bidueiro que envolvem a zona central coincidente com os terrenos assentes na denominada <em>Bacia da Lous\u00e3<\/em>.<\/h4>\n<h4 style=\"text-align: justify;\"><span style=\"color: #333333;\">\u201cAs paisagens de xisto, caracter\u00edsticas desta regi\u00e3o, revelam contornos imponentes marcados, quer pelo seu relevo, quer pelos acentuados declives, caracter\u00edsticos da topografia serrana quer ainda pelo vigoroso encaixe e adapta\u00e7\u00e3o de rede hidrogr\u00e1fica\u201d. <\/span><\/h4>\n<h4>Trata-se de uma regi\u00e3o com um <strong>elevado valor ambiental<\/strong> em que o <strong>bi\u00f3tipo classificado da Serra da Lous\u00e3<\/strong> (Directivas da Rede Natura 2000) o qual ocupa aproximadamente 14,8% (51,72Km2) do territ\u00f3rio, em conjuga\u00e7\u00e3o com a j\u00e1 referida abund\u00e2ncia h\u00eddrica, define e cria espa\u00e7os de lazer e frui\u00e7\u00e3o da natureza, com preponder\u00e2ncia para a riqueza da fauna (veados, cor\u00e7os, javalis, esquilos) e de n\u00facleos de flora aut\u00f3ctone onde abundam os soutos e carvalhais, a par com outras esp\u00e9cies aut\u00f3ctones como os sobreiros, azevinhos, medronheiros, azereiros. Esta identifica\u00e7\u00e3o e cobertura territorial n\u00e3o tem qualquer correspond\u00eancia ao n\u00edvel de zonas de protec\u00e7\u00e3o especial ou defini\u00e7\u00e3o de \u00e1reas protegidas (em curso, o processo de reconhecimento da \u00c1rea de Paisagem Protegida Regional da Serra da Lous\u00e3). <span style=\"color: #333333;\">A utilidade funcional do solo \u00e9 predominantemente agr\u00edcola, porquanto neste conceito se englobam as classes e categorias identificadas (86,61% \u00e9 classificado como solo rural), sendo que preponderante a apet\u00eancia florestal.<\/span><\/h4>\n<h1>L\u00f3gica de Povoamento<\/h1>\n<h4 style=\"text-align: justify;\"><span style=\"color: #333333;\"><a href=\"https:\/\/dueceira.pt\/wp-content\/uploads\/2025\/07\/Info-Populacao-Dueceira-1.png\"><img decoding=\"async\" class=\"alignnone wp-image-15080\" src=\"https:\/\/dueceira.pt\/wp-content\/uploads\/2025\/07\/Info-Populacao-Dueceira-1.png\" alt=\"\" width=\"522\" height=\"315\" srcset=\"https:\/\/dueceira.pt\/wp-content\/uploads\/2025\/07\/Info-Populacao-Dueceira-1-200x121.png 200w, https:\/\/dueceira.pt\/wp-content\/uploads\/2025\/07\/Info-Populacao-Dueceira-1-300x181.png 300w, https:\/\/dueceira.pt\/wp-content\/uploads\/2025\/07\/Info-Populacao-Dueceira-1-400x242.png 400w, https:\/\/dueceira.pt\/wp-content\/uploads\/2025\/07\/Info-Populacao-Dueceira-1-600x362.png 600w, https:\/\/dueceira.pt\/wp-content\/uploads\/2025\/07\/Info-Populacao-Dueceira-1-768x464.png 768w, https:\/\/dueceira.pt\/wp-content\/uploads\/2025\/07\/Info-Populacao-Dueceira-1-800x483.png 800w, https:\/\/dueceira.pt\/wp-content\/uploads\/2025\/07\/Info-Populacao-Dueceira-1.png 876w\" sizes=\"(max-width: 522px) 100vw, 522px\" \/><\/a><\/span><\/h4>\n<h4>A l\u00f3gica de povoamento \u00e9 assente numa estrutura tradicional com uma <strong>economia rural<\/strong> dispersa e vilas de grande express\u00e3o populacional, com maior concentra\u00e7\u00e3o nas sedes de concelho. Reflexo de realidade socio-econ\u00f3mica ditada pela transforma\u00e7\u00e3o dos modos de vida, pela proximidade a Coimbra e pela qualidade da sua paisagem, o territ\u00f3rio tem tamb\u00e9m uma forte <strong>express\u00e3o empresarial nos sectores da ind\u00fastria e com\u00e9rcio,<\/strong> evidenciando-se tamb\u00e9m <strong>o Turismo, como sector em franca expans\u00e3o<\/strong>.<\/h4>\n<h4>O territ\u00f3rio inclui <strong>16 freguesias rurais<\/strong>. N\u00e3o possui qualquer n\u00facleo com a classifica\u00e7\u00e3o de cidade e s\u00e3o 6 as localidades com estatuto de vila, para al\u00e9m das sedes de concelho, Serpins, no concelho da Lous\u00e3 e Espinhal, no concelho de Penela. Todo o territ\u00f3rio partilha de um vasto historial no que respeita ao desenvolvimento integrado de estrat\u00e9gias locais da proximidade \u00e0 Serra da Lous\u00e3, assim como, <strong>da marca territorial \u201cTerras da Chanfana\u201d<\/strong> aspectos estabilizados num trabalho em parceria que lhe confere uni\u00e3o, coes\u00e3o e uma identidade pr\u00f3pria.<\/h4>\n<h4><u>N\u00e3o se pode dissociar deste processo, a men\u00e7\u00e3o ao concelho de Penela, que integra estatutariamente a \u00e1rea de abrang\u00eancia da Dueceira, com o qual e, apesar de historicamente incorporar e beneficiar do DLBC do GAL Terras de Sic\u00f3,<\/u> existe uma interac\u00e7\u00e3o positiva e prof\u00edcua num salutar trabalho em comum em \u00e1reas que extravasam o definido nos respectivos DLBC das duas entidades, sendo que a proximidade territorial permite a partilha de caracter\u00edsticas f\u00edsicas do territ\u00f3rio e a exist\u00eancia de recursos e potencialidades comuns, que justificam esse complemento de actua\u00e7\u00e3o. Reconhece-se uma <strong>cultura muito pr\u00f3pria<\/strong> onde as aldeias serranas de xisto, os castelos, as ermidas e santu\u00e1rios, achados arqueol\u00f3gicos, bem como, outros edificados de valor arquitect\u00f3nico constituem um patrim\u00f3nio expressivo, a que as lendas e mist\u00e9rios locais conferem magia e encantamento. Os usos e costumes, o artesanato, as peculiaridades das comunidades acrescentam-se como <strong>atractivos inimit\u00e1veis<\/strong> e assumem em conjunto, <strong>capital simb\u00f3lico<\/strong> de refer\u00eancia, o qual \u00e9 enriquecido pela gastronomia t\u00edpica num receitu\u00e1rio que, para al\u00e9m da Chanfana, se identificam outros produtos agro-alimentares alguns provenientes tamb\u00e9m da cabra ou o emblem\u00e1tico Mel da Serra da Lous\u00e3 (DOP).<\/h4>\n<h4 style=\"text-align: justify;\"><span style=\"color: #333333;\"><a href=\"https:\/\/dueceira.pt\/wp-content\/uploads\/2025\/07\/Info-Pop-Activa.png\"><img decoding=\"async\" class=\"alignnone wp-image-15077\" src=\"https:\/\/dueceira.pt\/wp-content\/uploads\/2025\/07\/Info-Pop-Activa.png\" alt=\"\" width=\"494\" height=\"282\" srcset=\"https:\/\/dueceira.pt\/wp-content\/uploads\/2025\/07\/Info-Pop-Activa-200x114.png 200w, https:\/\/dueceira.pt\/wp-content\/uploads\/2025\/07\/Info-Pop-Activa-300x171.png 300w, https:\/\/dueceira.pt\/wp-content\/uploads\/2025\/07\/Info-Pop-Activa-400x228.png 400w, https:\/\/dueceira.pt\/wp-content\/uploads\/2025\/07\/Info-Pop-Activa.png 526w\" sizes=\"(max-width: 494px) 100vw, 494px\" \/><\/a><\/span><\/h4>\n<p>&nbsp;<\/p>\n<hr \/>\n<h4>\n<\/div><div class=\"fusion-clearfix\"><\/div><\/div><\/div><\/h4>\n<\/div><\/div>\n","protected":false},"excerpt":{"rendered":"","protected":false},"author":2,"featured_media":0,"parent":0,"menu_order":0,"comment_status":"closed","ping_status":"closed","template":"","meta":{"footnotes":""},"class_list":["post-11290","page","type-page","status-publish","hentry"],"jetpack_sharing_enabled":true,"_links":{"self":[{"href":"https:\/\/dueceira.pt\/index.php?rest_route=\/wp\/v2\/pages\/11290","targetHints":{"allow":["GET"]}}],"collection":[{"href":"https:\/\/dueceira.pt\/index.php?rest_route=\/wp\/v2\/pages"}],"about":[{"href":"https:\/\/dueceira.pt\/index.php?rest_route=\/wp\/v2\/types\/page"}],"author":[{"embeddable":true,"href":"https:\/\/dueceira.pt\/index.php?rest_route=\/wp\/v2\/users\/2"}],"replies":[{"embeddable":true,"href":"https:\/\/dueceira.pt\/index.php?rest_route=%2Fwp%2Fv2%2Fcomments&post=11290"}],"version-history":[{"count":70,"href":"https:\/\/dueceira.pt\/index.php?rest_route=\/wp\/v2\/pages\/11290\/revisions"}],"predecessor-version":[{"id":15321,"href":"https:\/\/dueceira.pt\/index.php?rest_route=\/wp\/v2\/pages\/11290\/revisions\/15321"}],"wp:attachment":[{"href":"https:\/\/dueceira.pt\/index.php?rest_route=%2Fwp%2Fv2%2Fmedia&parent=11290"}],"curies":[{"name":"wp","href":"https:\/\/api.w.org\/{rel}","templated":true}]}}

Território

<div class="fusion-fullwidth fullwidth-box fusion-builder-row-1 hundred-percent-fullwidth non-hundred-percent-height-scrolling" style="--awb-border-radius-top-left:0px;--awb-border-radius-top-right:0px;--awb-border-radius-bottom-right:0px;--awb-border-radius-bottom-left:0px;--awb-overflow:visible;--awb-flex-wrap:wrap;" ><div class="fusion-builder-row fusion-row"><div class="fusion-layout-column fusion_builder_column fusion-builder-column-0 fusion_builder_column_2_3 2_3 fusion-two-third fusion-column-first" style="--awb-bg-size:cover;width:65.3333%; margin-right: 4%;"><div class="fusion-column-wrapper fusion-flex-column-wrapper-legacy"><div class="fusion-text fusion-text-1"><h1>Retrato Territorial</h1>
<h1><a href="https://dueceira.pt/wp-content/uploads/2025/07/MAPA-Dueceira-2030.jpg"><img decoding="async" class=" wp-image-15068 alignleft" src="https://dueceira.pt/wp-content/uploads/2025/07/MAPA-Dueceira-2030.jpg" alt="" width="484" height="388" srcset="https://dueceira.pt/wp-content/uploads/2025/07/MAPA-Dueceira-2030-177x142.jpg 177w, https://dueceira.pt/wp-content/uploads/2025/07/MAPA-Dueceira-2030-200x160.jpg 200w, https://dueceira.pt/wp-content/uploads/2025/07/MAPA-Dueceira-2030-300x240.jpg 300w, https://dueceira.pt/wp-content/uploads/2025/07/MAPA-Dueceira-2030-400x320.jpg 400w, https://dueceira.pt/wp-content/uploads/2025/07/MAPA-Dueceira-2030.jpg 561w" sizes="(max-width: 484px) 100vw, 484px" /></a></h1>
<p>&nbsp;</p>
<p>&nbsp;</p>
<p>&nbsp;</p>
<p>&nbsp;</p>
<p>&nbsp;</p>
<p>&nbsp;</p>
<p>&nbsp;</p>
<p>&nbsp;</p>
<p>&nbsp;</p>
<p>&nbsp;</p>
<p>&nbsp;</p>
<p>&nbsp;</p>
<p>&nbsp;</p>
<p>&nbsp;</p>
<ul>
<li>
<h4><span style="color: #333333;">NUT I – Portugal Continental</span></h4>
</li>
<li>
<h4><span style="color: #333333;">NUT II – Região Centro,</span></h4>
</li>
<li>
<h4><span style="color: #333333;">NUT III &#8211; CIM RC &#8211; Comunidade Inter Municipal da Região de Coimbra</span></h4>
</li>
<li>
<h4><span style="color: #333333;">Concelhos (4): Lousã | Miranda do Corvo | Penela (*) | Vila Nova de Poiares</span></h4>
</li>
<li>
<h4>Freguesias (16): Casal de Ermio e Foz de Arouce; Lousã e Vilarinho; Serpins; Gândaras; Lamas; Miranda do Corvo; Semide e Rio de Vide; Vila Nova; Arrifana; Lavegadas; Poiares (Santo André); São Miguel de Poiares e ainda Cumeeira (*), Espinhal (*), Podentes (*), São Miguel /Santa Eufémia e Rabaçal (*)</h4>
</li>
<li>
<h4>Classificação: território rural, não litorâneo, de montanha, de interior, vulnerável</h4>
</li>
</ul>
<p>&nbsp;</p>
<p><a href="https://dueceira.pt/wp-content/uploads/2025/07/Info-TI-Dueceira.png"><img decoding="async" class="alignnone wp-image-15070" src="https://dueceira.pt/wp-content/uploads/2025/07/Info-TI-Dueceira.png" alt="" width="485" height="312" srcset="https://dueceira.pt/wp-content/uploads/2025/07/Info-TI-Dueceira-200x128.png 200w, https://dueceira.pt/wp-content/uploads/2025/07/Info-TI-Dueceira-300x193.png 300w, https://dueceira.pt/wp-content/uploads/2025/07/Info-TI-Dueceira-400x257.png 400w, https://dueceira.pt/wp-content/uploads/2025/07/Info-TI-Dueceira-460x295.png 460w, https://dueceira.pt/wp-content/uploads/2025/07/Info-TI-Dueceira-600x385.png 600w, https://dueceira.pt/wp-content/uploads/2025/07/Info-TI-Dueceira-768x493.png 768w, https://dueceira.pt/wp-content/uploads/2025/07/Info-TI-Dueceira-800x514.png 800w, https://dueceira.pt/wp-content/uploads/2025/07/Info-TI-Dueceira.png 816w" sizes="(max-width: 485px) 100vw, 485px" /></a></p>
<p>&nbsp;</p>
<p style="text-align: justify;">(*) O concelho de Penela não integra o território de implementação do DLBC Rural DUECEIRA 2030 (2021/2027), estando neste âmbito associado ao DLBC da Terras de Sicó – Associação de Desenvolvimento. Todos os dados apresentados reportam ambas as situações.</p>
<h1>Breve Caracterização</h1>
<h4>O Território é delimitado a Norte pelos Rios Mondego e Alva que definem uma fronteira natural e integram uma <strong>rede hidrográfica expressiva</strong> composta pelos Rios Ceira, Arouce, Dueça, Alheda, Ribeira de Poiares e ribeiras de menor dimensão.</h4>
<h4>Os concelhos adjacentes ao território são Condeixa-a-Nova, Coimbra, Penacova, Arganil, Góis, Castanheira de Pera e Figueiró dos Vinhos.</h4>
<h4>Apesar do território distar cerca de 30km à capital regional Coimbra &#8211; factor que exerce uma forte pressão nos fluxos pendulares -, identifica-se como uma <strong>região com multi fragilidades</strong> &#8211; demográficas, económicas e ambientais, situação que a define como <strong>zona vulnerável</strong> e <strong>com características de interioridade</strong>.</h4>
<h4>Todo o território é <strong>classificado como Zona de Montanha</strong>, sendo o Maciço Montanhoso da <strong>Serra da Lousã</strong> o que mais contribui para a orografia da região, com acentuados declives, onde predomina o Xisto. A Norte, no concelho de Vila Nova de Poiares, as referências orográficas constituem as Serras do Carvalho e do Bidueiro que envolvem a zona central coincidente com os terrenos assentes na denominada <em>Bacia da Lousã</em>.</h4>
<h4 style="text-align: justify;"><span style="color: #333333;">“As paisagens de xisto, características desta região, revelam contornos imponentes marcados, quer pelo seu relevo, quer pelos acentuados declives, característicos da topografia serrana quer ainda pelo vigoroso encaixe e adaptação de rede hidrográfica”. </span></h4>
<h4>Trata-se de uma região com um <strong>elevado valor ambiental</strong> em que o <strong>biótipo classificado da Serra da Lousã</strong> (Directivas da Rede Natura 2000) o qual ocupa aproximadamente 14,8% (51,72Km2) do território, em conjugação com a já referida abundância hídrica, define e cria espaços de lazer e fruição da natureza, com preponderância para a riqueza da fauna (veados, corços, javalis, esquilos) e de núcleos de flora autóctone onde abundam os soutos e carvalhais, a par com outras espécies autóctones como os sobreiros, azevinhos, medronheiros, azereiros. Esta identificação e cobertura territorial não tem qualquer correspondência ao nível de zonas de protecção especial ou definição de áreas protegidas (em curso, o processo de reconhecimento da Área de Paisagem Protegida Regional da Serra da Lousã). <span style="color: #333333;">A utilidade funcional do solo é predominantemente agrícola, porquanto neste conceito se englobam as classes e categorias identificadas (86,61% é classificado como solo rural), sendo que preponderante a apetência florestal.</span></h4>
<h1>Lógica de Povoamento</h1>
<h4 style="text-align: justify;"><span style="color: #333333;"><a href="https://dueceira.pt/wp-content/uploads/2025/07/Info-Populacao-Dueceira-1.png"><img decoding="async" class="alignnone wp-image-15080" src="https://dueceira.pt/wp-content/uploads/2025/07/Info-Populacao-Dueceira-1.png" alt="" width="522" height="315" srcset="https://dueceira.pt/wp-content/uploads/2025/07/Info-Populacao-Dueceira-1-200x121.png 200w, https://dueceira.pt/wp-content/uploads/2025/07/Info-Populacao-Dueceira-1-300x181.png 300w, https://dueceira.pt/wp-content/uploads/2025/07/Info-Populacao-Dueceira-1-400x242.png 400w, https://dueceira.pt/wp-content/uploads/2025/07/Info-Populacao-Dueceira-1-600x362.png 600w, https://dueceira.pt/wp-content/uploads/2025/07/Info-Populacao-Dueceira-1-768x464.png 768w, https://dueceira.pt/wp-content/uploads/2025/07/Info-Populacao-Dueceira-1-800x483.png 800w, https://dueceira.pt/wp-content/uploads/2025/07/Info-Populacao-Dueceira-1.png 876w" sizes="(max-width: 522px) 100vw, 522px" /></a></span></h4>
<h4>A lógica de povoamento é assente numa estrutura tradicional com uma <strong>economia rural</strong> dispersa e vilas de grande expressão populacional, com maior concentração nas sedes de concelho. Reflexo de realidade socio-económica ditada pela transformação dos modos de vida, pela proximidade a Coimbra e pela qualidade da sua paisagem, o território tem também uma forte <strong>expressão empresarial nos sectores da indústria e comércio,</strong> evidenciando-se também <strong>o Turismo, como sector em franca expansão</strong>.</h4>
<h4>O território inclui <strong>16 freguesias rurais</strong>. Não possui qualquer núcleo com a classificação de cidade e são 6 as localidades com estatuto de vila, para além das sedes de concelho, Serpins, no concelho da Lousã e Espinhal, no concelho de Penela. Todo o território partilha de um vasto historial no que respeita ao desenvolvimento integrado de estratégias locais da proximidade à Serra da Lousã, assim como, <strong>da marca territorial “Terras da Chanfana”</strong> aspectos estabilizados num trabalho em parceria que lhe confere união, coesão e uma identidade própria.</h4>
<h4><u>Não se pode dissociar deste processo, a menção ao concelho de Penela, que integra estatutariamente a área de abrangência da Dueceira, com o qual e, apesar de historicamente incorporar e beneficiar do DLBC do GAL Terras de Sicó,</u> existe uma interacção positiva e profícua num salutar trabalho em comum em áreas que extravasam o definido nos respectivos DLBC das duas entidades, sendo que a proximidade territorial permite a partilha de características físicas do território e a existência de recursos e potencialidades comuns, que justificam esse complemento de actuação. Reconhece-se uma <strong>cultura muito própria</strong> onde as aldeias serranas de xisto, os castelos, as ermidas e santuários, achados arqueológicos, bem como, outros edificados de valor arquitectónico constituem um património expressivo, a que as lendas e mistérios locais conferem magia e encantamento. Os usos e costumes, o artesanato, as peculiaridades das comunidades acrescentam-se como <strong>atractivos inimitáveis</strong> e assumem em conjunto, <strong>capital simbólico</strong> de referência, o qual é enriquecido pela gastronomia típica num receituário que, para além da Chanfana, se identificam outros produtos agro-alimentares alguns provenientes também da cabra ou o emblemático Mel da Serra da Lousã (DOP).</h4>
<h4 style="text-align: justify;"><span style="color: #333333;"><a href="https://dueceira.pt/wp-content/uploads/2025/07/Info-Pop-Activa.png"><img decoding="async" class="alignnone wp-image-15077" src="https://dueceira.pt/wp-content/uploads/2025/07/Info-Pop-Activa.png" alt="" width="494" height="282" srcset="https://dueceira.pt/wp-content/uploads/2025/07/Info-Pop-Activa-200x114.png 200w, https://dueceira.pt/wp-content/uploads/2025/07/Info-Pop-Activa-300x171.png 300w, https://dueceira.pt/wp-content/uploads/2025/07/Info-Pop-Activa-400x228.png 400w, https://dueceira.pt/wp-content/uploads/2025/07/Info-Pop-Activa.png 526w" sizes="(max-width: 494px) 100vw, 494px" /></a></span></h4>
<p>&nbsp;</p>
<hr />
<h4>
</div><div class="fusion-clearfix"></div></div></div></h4>
</div></div>
