{"id":11503,"date":"2016-01-12T15:44:59","date_gmt":"2016-01-12T15:44:59","guid":{"rendered":"http:\/\/dueceira.pt\/new\/?page_id=11503"},"modified":"2025-10-30T16:28:37","modified_gmt":"2025-10-30T16:28:37","slug":"breve-historial","status":"publish","type":"page","link":"https:\/\/dueceira.pt\/?page_id=11503","title":{"rendered":"Breve Historial"},"content":{"rendered":"<div class=\"fusion-fullwidth fullwidth-box fusion-builder-row-1 hundred-percent-fullwidth non-hundred-percent-height-scrolling\" style=\"--awb-border-radius-top-left:0px;--awb-border-radius-top-right:0px;--awb-border-radius-bottom-right:0px;--awb-border-radius-bottom-left:0px;--awb-overflow:visible;--awb-flex-wrap:wrap;\" ><div class=\"fusion-builder-row fusion-row\"><div class=\"fusion-layout-column fusion_builder_column fusion-builder-column-0 fusion_builder_column_2_3 2_3 fusion-two-third fusion-column-first\" style=\"--awb-bg-size:cover;width:65.3333%; margin-right: 4%;\"><div class=\"fusion-column-wrapper fusion-flex-column-wrapper-legacy\"><div class=\"fusion-text fusion-text-1\"><h4 style=\"margin: 0cm; margin-bottom: .0001pt;\"><b><span style=\"font-size: 18.0pt; color: black;\">1996-2006<\/span><\/b><\/h4>\n<h4 style=\"margin: 0cm; margin-bottom: .0001pt;\"><span style=\"color: #333333;\">-PROGRAMA DE INICIATIVA COMUNIT\u00c1RIA LEADER II<\/span><br \/>\n<span style=\"color: #333333;\">-PROGRAMA DE INICIATIVA COMUNIT\u00c1RIA LEADER+<\/span><br \/>\n<span style=\"color: #333333;\">-MODCOM- SISTEMA DE INCENTIVOS A PROJECTOS DE MODERNIZA\u00c7\u00c3O DO COM\u00c9RCIO<\/span><br \/>\n<span style=\"color: #333333;\">-PD-ICE- PROGRAMA DIRECTOR DE INOVA\u00c7\u00c3O, COMPETITIVIDADE E EMPREENDEDORISMO<\/span><br \/>\n<span style=\"color: #333333;\">-PARQUE DE M\u00c1QUINAS FLORESTAL<\/span><\/h4>\n<h4 style=\"margin: 0cm; margin-bottom: .0001pt;\"><b><span style=\"font-size: 18.0pt; color: black;\">\u00a0<\/span><\/b><\/h4>\n<h4 style=\"margin: 0cm; margin-bottom: .0001pt;\"><b><span style=\"font-size: 18.0pt; color: black;\">2007-2013<\/span><\/b><\/h4>\n<h4 style=\"margin: 0cm; margin-bottom: .0001pt;\"><span style=\"color: #333333;\">-SUB-PROGRAMA 3 DO PRODER- PROGRAMA DE DESENVOLVIMENTO LOCAL (EIXO LEADER)<\/span><br \/>\n<span style=\"color: #333333;\">-PROJECTOS E INICIATIVAS SECTORIAIS<\/span><br \/>\n<span style=\"color: #333333;\">-PARQUE DE M\u00c1QUINAS FLORESTAL<\/span><\/h4>\n<h4 style=\"margin: 0cm; margin-bottom: .0001pt;\"><b><span style=\"font-size: 18.0pt; color: black;\">\u00a0<\/span><\/b><\/h4>\n<h4 style=\"margin: 0cm; margin-bottom: .0001pt;\"><b><span style=\"font-size: 18.0pt; color: black;\">2014-2020<\/span><\/b><\/h4>\n<h4 style=\"margin: 0cm; margin-bottom: .0001pt;\"><span style=\"color: #333333;\">-DLBC RURAL DUECEIRA 2020 [PDR2020 E CENTRO2020 (SI2E E +CO3SO)] e REGIME DE TRANSI\u00c7\u00c3O<\/span><br \/>\n<span style=\"color: #333333;\">-INTERREG SUDOE E INTERREG POCTEP PORTUGAL\/ESPANHA<\/span><br \/>\n<span style=\"color: #333333;\">&#8211;<\/span><span style=\"color: black;\">BOLSA NACIONAL DE TERRAS <\/span><\/h4>\n<h4 style=\"margin: 0cm; margin-bottom: .0001pt;\"><span style=\"color: black;\">-PROJECTOS EM COOPERA\u00c7\u00c3O (INTERTERRITORIAL E TRANSNACIONAL)<\/span><\/h4>\n<h4 style=\"margin: 0cm; margin-bottom: .0001pt;\"><span style=\"color: black;\">-ACTIVIDADES DE CAPACITA\u00c7\u00c3O, ANIMA\u00c7\u00c3O E PROMO\u00c7\u00c3O TERRITORIAL<\/span><\/h4>\n<h4 style=\"margin: 0cm; margin-bottom: .0001pt;\"><span style=\"color: #333333;\">-PARQUE DE M\u00c1QUINAS FLORESTAL <\/span><\/h4>\n<h4 style=\"margin: 0cm; margin-bottom: .0001pt;\"><span style=\"color: #333333;\">-LIFE AMBIENTE <\/span><\/h4>\n<h4 style=\"margin: 0cm; margin-bottom: .0001pt;\"><span style=\"color: #333333;\">-FUNDO AMBIENTAL <\/span><\/h4>\n<h4 style=\"margin: 0cm; margin-bottom: .0001pt;\"><span style=\"color: #333333;\">-6 EM REDE &#8211; REDE INTERMUNICIPAL DE APOIO A V\u00cdTIMAS DE VIOL\u00caNCIA DOM\u00c9STICA<\/span> <span style=\"color: #333333;\">[POISE]<\/span><\/h4>\n<h4 style=\"margin: 0cm; margin-bottom: .0001pt;\"><span style=\"color: black;\">-PROVERE ESTRAT\u00c9GIA DE EFICI\u00caNCIA COLECTIVA: INATURE- TURISMO SUSTENT\u00c1VEL EM \u00c1REAS CLASSIFICADAS<\/span><\/h4>\n<h4 style=\"margin: 0cm; margin-bottom: .0001pt;\"><b><span style=\"font-size: 18.0pt; color: black;\">\u00a0<\/span><\/b><\/h4>\n<h4 style=\"margin: 0cm; margin-bottom: .0001pt;\"><b><span style=\"font-size: 18.0pt; color: black;\">2020-2027<\/span><\/b><\/h4>\n<h4 style=\"margin: 0cm; margin-bottom: .0001pt;\"><span style=\"color: black;\">-DLBC RURAL DUECEIRA 2030 [PEPAC 2027]<\/span><\/h4>\n<h4 style=\"margin: 0cm; margin-bottom: .0001pt;\"><span style=\"color: black;\">-6 EM REDE &#8211; REDE INTERMUNICIPAL DE APOIO A V\u00cdTIMAS DE VIOL\u00caNCIA DOM\u00c9STICA [PESSOAS 2030]<\/span><\/h4>\n<h4 style=\"margin: 0cm; margin-bottom: .0001pt;\"><span style=\"color: black;\">-PROJECTOS EM COOPERA\u00c7\u00c3O (INTERTERRITORIAL E TRANSNACIONAL)<\/span><\/h4>\n<h4 style=\"margin: 0cm; margin-bottom: .0001pt;\"><span style=\"color: black;\">-ACTIVIDADES DE CAPACITA\u00c7\u00c3O, ANIMA\u00c7\u00c3O E PROMO\u00c7\u00c3O TERRITORIAL<\/span><\/h4>\n<h4 style=\"margin: 0cm; margin-bottom: .0001pt;\"><span style=\"color: black;\">-PROPRIEDADE E GEST\u00c3O DA MARCA TERRITORIAL TERRAS DA CHANFANA<\/span><\/h4>\n<h4 style=\"margin: 0cm; margin-bottom: .0001pt;\"><span style=\"color: black;\">-PROVERE \u2013 ESTRAT\u00c9GIAS DE EFICI\u00caNCIA COLECTIVA: \u2018N\u00c1UTICA DO CENTRO DE PORTUGAL\u2019, \u2018ALDEIAS DO XISTO\u2019 E EXPLORE iNATURE &amp; CENTER GEOPARKS 2030<\/span><\/h4>\n<h4 style=\"margin: 0cm; margin-bottom: .0001pt;\"><span style=\"color: black;\">-PRPI- PROGRAMA DE REVITALIZA\u00c7\u00c3O DO PINHAL INTERIOR<\/span><\/h4>\n<h4 style=\"margin: 0cm; margin-bottom: .0001pt;\"><span style=\"color: black;\">-PARQUE DE M\u00c1QUINAS FLORESTAL<\/span><\/h4>\n<p><!--more--><\/p>\n<h4>Link\/Acesso<br \/>\n<a href=\"https:\/\/dueceira.pt\/wp-content\/uploads\/2025\/07\/Historico-Dueceira.pdf\" target=\"_blank\" rel=\"noopener\">Documento detalhado<\/a><\/h4>\n<\/div><div class=\"fusion-clearfix\"><\/div><\/div><\/div><div class=\"fusion-layout-column fusion_builder_column fusion-builder-column-1 fusion_builder_column_1_1 1_1 fusion-one-full fusion-column-last fusion-column-no-min-height\" style=\"--awb-bg-size:cover;--awb-margin-bottom:0px;\"><div class=\"fusion-column-wrapper fusion-flex-column-wrapper-legacy\"><div class=\"fusion-text fusion-text-2\"><\/div><div class=\"fusion-clearfix\"><\/div><\/div><\/div><\/div><\/div>\n<hr \/>\n<p>&nbsp;<\/p>\n","protected":false},"excerpt":{"rendered":"<p>1996-2006 -PROGRAMA DE INICIATIVA COMUNIT\u00c1RIA LEADER II -PROGRAMA DE INICIATIVA COMUNIT\u00c1RIA LEADER+ -MODCOM- SISTEMA DE INCENTIVOS A PROJECTOS DE MODERNIZA\u00c7\u00c3O DO COM\u00c9RCIO -PD-ICE- PROGRAMA DIRECTOR DE INOVA\u00c7\u00c3O, COMPETITIVIDADE E EMPREENDEDORISMO -PARQUE DE M\u00c1QUINAS FLORESTAL \u00a0 2007-2013 -SUB-PROGRAMA 3 DO PRODER- PROGRAMA DE DESENVOLVIMENTO LOCAL (EIXO LEADER) -PROJECTOS E INICIATIVAS SECTORIAIS -PARQUE DE M\u00c1QUINAS FLORESTAL \u00a0  [&#8230;]<\/p>\n","protected":false},"author":2,"featured_media":0,"parent":0,"menu_order":0,"comment_status":"closed","ping_status":"closed","template":"","meta":{"footnotes":""},"class_list":["post-11503","page","type-page","status-publish","hentry"],"jetpack_sharing_enabled":true,"_links":{"self":[{"href":"https:\/\/dueceira.pt\/index.php?rest_route=\/wp\/v2\/pages\/11503","targetHints":{"allow":["GET"]}}],"collection":[{"href":"https:\/\/dueceira.pt\/index.php?rest_route=\/wp\/v2\/pages"}],"about":[{"href":"https:\/\/dueceira.pt\/index.php?rest_route=\/wp\/v2\/types\/page"}],"author":[{"embeddable":true,"href":"https:\/\/dueceira.pt\/index.php?rest_route=\/wp\/v2\/users\/2"}],"replies":[{"embeddable":true,"href":"https:\/\/dueceira.pt\/index.php?rest_route=%2Fwp%2Fv2%2Fcomments&post=11503"}],"version-history":[{"count":60,"href":"https:\/\/dueceira.pt\/index.php?rest_route=\/wp\/v2\/pages\/11503\/revisions"}],"predecessor-version":[{"id":15301,"href":"https:\/\/dueceira.pt\/index.php?rest_route=\/wp\/v2\/pages\/11503\/revisions\/15301"}],"wp:attachment":[{"href":"https:\/\/dueceira.pt\/index.php?rest_route=%2Fwp%2Fv2%2Fmedia&parent=11503"}],"curies":[{"name":"wp","href":"https:\/\/api.w.org\/{rel}","templated":true}]}}

<div class="fusion-fullwidth fullwidth-box fusion-builder-row-1 hundred-percent-fullwidth non-hundred-percent-height-scrolling" style="--awb-border-radius-top-left:0px;--awb-border-radius-top-right:0px;--awb-border-radius-bottom-right:0px;--awb-border-radius-bottom-left:0px;--awb-overflow:visible;--awb-flex-wrap:wrap;" ><div class="fusion-builder-row fusion-row"><div class="fusion-layout-column fusion_builder_column fusion-builder-column-0 fusion_builder_column_2_3 2_3 fusion-two-third fusion-column-first" style="--awb-bg-size:cover;width:65.3333%; margin-right: 4%;"><div class="fusion-column-wrapper fusion-flex-column-wrapper-legacy"><div class="fusion-text fusion-text-1"><h4 style="margin: 0cm; margin-bottom: .0001pt;"><b><span style="font-size: 18.0pt; color: black;">1996-2006</span></b></h4>
<h4 style="margin: 0cm; margin-bottom: .0001pt;"><span style="color: #333333;">-PROGRAMA DE INICIATIVA COMUNITÁRIA LEADER II</span><br />
<span style="color: #333333;">-PROGRAMA DE INICIATIVA COMUNITÁRIA LEADER+</span><br />
<span style="color: #333333;">-MODCOM- SISTEMA DE INCENTIVOS A PROJECTOS DE MODERNIZAÇÃO DO COMÉRCIO</span><br />
<span style="color: #333333;">-PD-ICE- PROGRAMA DIRECTOR DE INOVAÇÃO, COMPETITIVIDADE E EMPREENDEDORISMO</span><br />
<span style="color: #333333;">-PARQUE DE MÁQUINAS FLORESTAL</span></h4>
<h4 style="margin: 0cm; margin-bottom: .0001pt;"><b><span style="font-size: 18.0pt; color: black;"> </span></b></h4>
<h4 style="margin: 0cm; margin-bottom: .0001pt;"><b><span style="font-size: 18.0pt; color: black;">2007-2013</span></b></h4>
<h4 style="margin: 0cm; margin-bottom: .0001pt;"><span style="color: #333333;">-SUB-PROGRAMA 3 DO PRODER- PROGRAMA DE DESENVOLVIMENTO LOCAL (EIXO LEADER)</span><br />
<span style="color: #333333;">-PROJECTOS E INICIATIVAS SECTORIAIS</span><br />
<span style="color: #333333;">-PARQUE DE MÁQUINAS FLORESTAL</span></h4>
<h4 style="margin: 0cm; margin-bottom: .0001pt;"><b><span style="font-size: 18.0pt; color: black;"> </span></b></h4>
<h4 style="margin: 0cm; margin-bottom: .0001pt;"><b><span style="font-size: 18.0pt; color: black;">2014-2020</span></b></h4>
<h4 style="margin: 0cm; margin-bottom: .0001pt;"><span style="color: #333333;">-DLBC RURAL DUECEIRA 2020 [PDR2020 E CENTRO2020 (SI2E E +CO3SO)] e REGIME DE TRANSIÇÃO</span><br />
<span style="color: #333333;">-INTERREG SUDOE E INTERREG POCTEP PORTUGAL/ESPANHA</span><br />
<span style="color: #333333;">&#8211;</span><span style="color: black;">BOLSA NACIONAL DE TERRAS </span></h4>
<h4 style="margin: 0cm; margin-bottom: .0001pt;"><span style="color: black;">-PROJECTOS EM COOPERAÇÃO (INTERTERRITORIAL E TRANSNACIONAL)</span></h4>
<h4 style="margin: 0cm; margin-bottom: .0001pt;"><span style="color: black;">-ACTIVIDADES DE CAPACITAÇÃO, ANIMAÇÃO E PROMOÇÃO TERRITORIAL</span></h4>
<h4 style="margin: 0cm; margin-bottom: .0001pt;"><span style="color: #333333;">-PARQUE DE MÁQUINAS FLORESTAL </span></h4>
<h4 style="margin: 0cm; margin-bottom: .0001pt;"><span style="color: #333333;">-LIFE AMBIENTE </span></h4>
<h4 style="margin: 0cm; margin-bottom: .0001pt;"><span style="color: #333333;">-FUNDO AMBIENTAL </span></h4>
<h4 style="margin: 0cm; margin-bottom: .0001pt;"><span style="color: #333333;">-6 EM REDE &#8211; REDE INTERMUNICIPAL DE APOIO A VÍTIMAS DE VIOLÊNCIA DOMÉSTICA</span> <span style="color: #333333;">[POISE]</span></h4>
<h4 style="margin: 0cm; margin-bottom: .0001pt;"><span style="color: black;">-PROVERE ESTRATÉGIA DE EFICIÊNCIA COLECTIVA: INATURE- TURISMO SUSTENTÁVEL EM ÁREAS CLASSIFICADAS</span></h4>
<h4 style="margin: 0cm; margin-bottom: .0001pt;"><b><span style="font-size: 18.0pt; color: black;"> </span></b></h4>
<h4 style="margin: 0cm; margin-bottom: .0001pt;"><b><span style="font-size: 18.0pt; color: black;">2020-2027</span></b></h4>
<h4 style="margin: 0cm; margin-bottom: .0001pt;"><span style="color: black;">-DLBC RURAL DUECEIRA 2030 [PEPAC 2027]</span></h4>
<h4 style="margin: 0cm; margin-bottom: .0001pt;"><span style="color: black;">-6 EM REDE &#8211; REDE INTERMUNICIPAL DE APOIO A VÍTIMAS DE VIOLÊNCIA DOMÉSTICA [PESSOAS 2030]</span></h4>
<h4 style="margin: 0cm; margin-bottom: .0001pt;"><span style="color: black;">-PROJECTOS EM COOPERAÇÃO (INTERTERRITORIAL E TRANSNACIONAL)</span></h4>
<h4 style="margin: 0cm; margin-bottom: .0001pt;"><span style="color: black;">-ACTIVIDADES DE CAPACITAÇÃO, ANIMAÇÃO E PROMOÇÃO TERRITORIAL</span></h4>
<h4 style="margin: 0cm; margin-bottom: .0001pt;"><span style="color: black;">-PROPRIEDADE E GESTÃO DA MARCA TERRITORIAL TERRAS DA CHANFANA</span></h4>
<h4 style="margin: 0cm; margin-bottom: .0001pt;"><span style="color: black;">-PROVERE – ESTRATÉGIAS DE EFICIÊNCIA COLECTIVA: ‘NÁUTICA DO CENTRO DE PORTUGAL’, ‘ALDEIAS DO XISTO’ E EXPLORE iNATURE &amp; CENTER GEOPARKS 2030</span></h4>
<h4 style="margin: 0cm; margin-bottom: .0001pt;"><span style="color: black;">-PRPI- PROGRAMA DE REVITALIZAÇÃO DO PINHAL INTERIOR</span></h4>
<h4 style="margin: 0cm; margin-bottom: .0001pt;"><span style="color: black;">-PARQUE DE MÁQUINAS FLORESTAL</span></h4>
<p><!--more--></p>
<h4>Link/Acesso<br />
<a href="https://dueceira.pt/wp-content/uploads/2025/07/Historico-Dueceira.pdf" target="_blank" rel="noopener">Documento detalhado</a></h4>
</div><div class="fusion-clearfix"></div></div></div><div class="fusion-layout-column fusion_builder_column fusion-builder-column-1 fusion_builder_column_1_1 1_1 fusion-one-full fusion-column-last fusion-column-no-min-height" style="--awb-bg-size:cover;--awb-margin-bottom:0px;"><div class="fusion-column-wrapper fusion-flex-column-wrapper-legacy"><div class="fusion-text fusion-text-2"></div><div class="fusion-clearfix"></div></div></div></div></div>
<hr />
<p>&nbsp;</p>

<p>1996-2006 -PROGRAMA DE INICIATIVA COMUNITÁRIA LEADER II -PROGRAMA DE INICIATIVA COMUNITÁRIA LEADER+ -MODCOM- SISTEMA DE INCENTIVOS A PROJECTOS DE MODERNIZAÇÃO DO COMÉRCIO -PD-ICE- PROGRAMA DIRECTOR DE INOVAÇÃO, COMPETITIVIDADE E EMPREENDEDORISMO -PARQUE DE MÁQUINAS FLORESTAL   2007-2013 -SUB-PROGRAMA 3 DO PRODER- PROGRAMA DE DESENVOLVIMENTO LOCAL (EIXO LEADER) -PROJECTOS E INICIATIVAS SECTORIAIS -PARQUE DE MÁQUINAS FLORESTAL    [&#8230;]</p>
