{"id":11788,"date":"2016-01-27T11:44:23","date_gmt":"2016-01-27T11:44:23","guid":{"rendered":"http:\/\/dueceira.pt\/new\/?page_id=11788"},"modified":"2025-10-30T17:52:33","modified_gmt":"2025-10-30T17:52:33","slug":"eixos-e-areas-prioritarias","status":"publish","type":"page","link":"https:\/\/dueceira.pt\/?page_id=11788","title":{"rendered":"Eixos Estrat\u00e9gicos de Interven\u00e7\u00e3o"},"content":{"rendered":"<h4>O<span style=\"color: #000080;\"><strong> Macro-objectivo<\/strong><\/span> da EDL- Estrat\u00e9gia de Desenvolvimento Local da Dueceira2030 foca-se no<\/h4>\n<h2 style=\"text-align: center;\"><span style=\"color: #000080;\"><strong>BEM-ESTAR das comunidades visando o crescimento harmonioso do Territ\u00f3rio <\/strong><\/span><\/h2>\n<h2 style=\"text-align: center;\"><span style=\"color: #000080;\"><strong>[+sustent\u00e1vel +inteligente, +inclusivo, +atractivo, +pr\u00f3ximo].<\/strong><\/span><\/h2>\n<h4><\/h4>\n<h4>Para a prossecu\u00e7\u00e3o desta vis\u00e3o, a EDL Dueceira2030 foi estruturada em <strong>4 Eixos Estrat\u00e9gicos de Interven\u00e7\u00e3o \/ Enfoques Tem\u00e1ticos<\/strong>, concretamente:<\/h4>\n<ul>\n<li>\n<h4><span style=\"color: #000080;\"><strong>no TERRIT\u00d3RIO<\/strong><\/span> [objectivando a consolida\u00e7\u00e3o e crescimento de marca que unifique e prestigie transversalmente o territ\u00f3rio, aumentando a sua capacidade de atrac\u00e7\u00e3o e estimulando o sentido de perten\u00e7a da comunidade em torno da sua identidade];<\/h4>\n<\/li>\n<li>\n<h4><span style=\"color: #000080;\"><strong>nas PESSOAS E ORGANIZA\u00c7\u00d5ES <\/strong><\/span>[objectivando o refor\u00e7o do capital humano, investindo na informa\u00e7\u00e3o, sensibiliza\u00e7\u00e3o, qualifica\u00e7\u00e3o, forma\u00e7\u00e3o, anima\u00e7\u00e3o e trabalho em rede dos agentes locais e comunidade em geral];<\/h4>\n<\/li>\n<li>\n<h4><strong><span style=\"color: #000080;\">nos RECURSOS, ACTIVIDADES E PRODUTOS<\/span><\/strong> [objectivando a transforma\u00e7\u00e3o dos recursos end\u00f3genos em produtos e servi\u00e7os com identidade reconhecida pelo mercado. Consolida\u00e7\u00e3o dos sectores econ\u00f3micos locais com suporte nos recursos, actividades e produtos da regi\u00e3o, conferindo valor em respeito com os princ\u00edpios ecol\u00f3gicos (incremento da tecnologia, inova\u00e7\u00e3o, especializa\u00e7\u00e3o, comunica\u00e7\u00e3o e marketing, novos mercados)]<\/h4>\n<\/li>\n<li>\n<h4><span style=\"color: #000080;\"><strong>na INICIATIVA LOCAL<\/strong><\/span> [objectivando a aposta em empresas mais fortes que sejam motor da din\u00e2mica local e suporte da sustentabilidade territorial]<\/h4>\n<\/li>\n<\/ul>\n<p>&nbsp;<\/p>\n<h4><a href=\"https:\/\/dueceira.pt\/wp-content\/uploads\/2025\/10\/eixos-enfoques.png\"><img decoding=\"async\" class=\"wp-image-15302 aligncenter\" src=\"https:\/\/dueceira.pt\/wp-content\/uploads\/2025\/10\/eixos-enfoques.png\" alt=\"\" width=\"860\" height=\"506\" srcset=\"https:\/\/dueceira.pt\/wp-content\/uploads\/2025\/10\/eixos-enfoques-200x118.png 200w, https:\/\/dueceira.pt\/wp-content\/uploads\/2025\/10\/eixos-enfoques-300x177.png 300w, https:\/\/dueceira.pt\/wp-content\/uploads\/2025\/10\/eixos-enfoques-400x236.png 400w, https:\/\/dueceira.pt\/wp-content\/uploads\/2025\/10\/eixos-enfoques-600x353.png 600w, https:\/\/dueceira.pt\/wp-content\/uploads\/2025\/10\/eixos-enfoques-768x452.png 768w, https:\/\/dueceira.pt\/wp-content\/uploads\/2025\/10\/eixos-enfoques-800x471.png 800w, https:\/\/dueceira.pt\/wp-content\/uploads\/2025\/10\/eixos-enfoques-1024x603.png 1024w, https:\/\/dueceira.pt\/wp-content\/uploads\/2025\/10\/eixos-enfoques-1200x707.png 1200w, https:\/\/dueceira.pt\/wp-content\/uploads\/2025\/10\/eixos-enfoques-1536x905.png 1536w, https:\/\/dueceira.pt\/wp-content\/uploads\/2025\/10\/eixos-enfoques.png 1586w\" sizes=\"(max-width: 860px) 100vw, 860px\" \/><\/a><\/h4>\n<h4><a href=\"https:\/\/dueceira.pt\/wp-content\/uploads\/2025\/10\/Pilares-da-Intervencao.png\"><img decoding=\"async\" class=\"wp-image-15303 aligncenter\" src=\"https:\/\/dueceira.pt\/wp-content\/uploads\/2025\/10\/Pilares-da-Intervencao.png\" alt=\"\" width=\"947\" height=\"533\" srcset=\"https:\/\/dueceira.pt\/wp-content\/uploads\/2025\/10\/Pilares-da-Intervencao-200x113.png 200w, https:\/\/dueceira.pt\/wp-content\/uploads\/2025\/10\/Pilares-da-Intervencao-300x169.png 300w, https:\/\/dueceira.pt\/wp-content\/uploads\/2025\/10\/Pilares-da-Intervencao-400x225.png 400w, https:\/\/dueceira.pt\/wp-content\/uploads\/2025\/10\/Pilares-da-Intervencao-600x338.png 600w, https:\/\/dueceira.pt\/wp-content\/uploads\/2025\/10\/Pilares-da-Intervencao-768x432.png 768w, https:\/\/dueceira.pt\/wp-content\/uploads\/2025\/10\/Pilares-da-Intervencao-800x450.png 800w, https:\/\/dueceira.pt\/wp-content\/uploads\/2025\/10\/Pilares-da-Intervencao-1024x576.png 1024w, https:\/\/dueceira.pt\/wp-content\/uploads\/2025\/10\/Pilares-da-Intervencao-1200x675.png 1200w, https:\/\/dueceira.pt\/wp-content\/uploads\/2025\/10\/Pilares-da-Intervencao-1536x864.png 1536w, https:\/\/dueceira.pt\/wp-content\/uploads\/2025\/10\/Pilares-da-Intervencao.png 1920w\" sizes=\"(max-width: 947px) 100vw, 947px\" \/><\/a><\/h4>\n<hr \/>\n<p>&nbsp;<\/p>\n","protected":false},"excerpt":{"rendered":"<p>O Macro-objectivo da EDL- Estrat\u00e9gia de Desenvolvimento Local da Dueceira2030 foca-se no BEM-ESTAR das comunidades visando o crescimento harmonioso do Territ\u00f3rio [+sustent\u00e1vel +inteligente, +inclusivo, +atractivo, +pr\u00f3ximo]. Para a prossecu\u00e7\u00e3o desta vis\u00e3o, a EDL Dueceira2030 foi estruturada em 4 Eixos Estrat\u00e9gicos de Interven\u00e7\u00e3o \/ Enfoques Tem\u00e1ticos, concretamente: no TERRIT\u00d3RIO [objectivando a consolida\u00e7\u00e3o e crescimento de marca  [&#8230;]<\/p>\n","protected":false},"author":2,"featured_media":0,"parent":0,"menu_order":0,"comment_status":"closed","ping_status":"closed","template":"","meta":{"footnotes":""},"class_list":["post-11788","page","type-page","status-publish","hentry"],"jetpack_sharing_enabled":true,"_links":{"self":[{"href":"https:\/\/dueceira.pt\/index.php?rest_route=\/wp\/v2\/pages\/11788","targetHints":{"allow":["GET"]}}],"collection":[{"href":"https:\/\/dueceira.pt\/index.php?rest_route=\/wp\/v2\/pages"}],"about":[{"href":"https:\/\/dueceira.pt\/index.php?rest_route=\/wp\/v2\/types\/page"}],"author":[{"embeddable":true,"href":"https:\/\/dueceira.pt\/index.php?rest_route=\/wp\/v2\/users\/2"}],"replies":[{"embeddable":true,"href":"https:\/\/dueceira.pt\/index.php?rest_route=%2Fwp%2Fv2%2Fcomments&post=11788"}],"version-history":[{"count":27,"href":"https:\/\/dueceira.pt\/index.php?rest_route=\/wp\/v2\/pages\/11788\/revisions"}],"predecessor-version":[{"id":15306,"href":"https:\/\/dueceira.pt\/index.php?rest_route=\/wp\/v2\/pages\/11788\/revisions\/15306"}],"wp:attachment":[{"href":"https:\/\/dueceira.pt\/index.php?rest_route=%2Fwp%2Fv2%2Fmedia&parent=11788"}],"curies":[{"name":"wp","href":"https:\/\/api.w.org\/{rel}","templated":true}]}}

Eixos Estratégicos de Intervenção

<h4>O<span style="color: #000080;"><strong> Macro-objectivo</strong></span> da EDL- Estratégia de Desenvolvimento Local da Dueceira2030 foca-se no</h4>
<h2 style="text-align: center;"><span style="color: #000080;"><strong>BEM-ESTAR das comunidades visando o crescimento harmonioso do Território </strong></span></h2>
<h2 style="text-align: center;"><span style="color: #000080;"><strong>[+sustentável +inteligente, +inclusivo, +atractivo, +próximo].</strong></span></h2>
<h4></h4>
<h4>Para a prossecução desta visão, a EDL Dueceira2030 foi estruturada em <strong>4 Eixos Estratégicos de Intervenção / Enfoques Temáticos</strong>, concretamente:</h4>
<ul>
<li>
<h4><span style="color: #000080;"><strong>no TERRITÓRIO</strong></span> [objectivando a consolidação e crescimento de marca que unifique e prestigie transversalmente o território, aumentando a sua capacidade de atracção e estimulando o sentido de pertença da comunidade em torno da sua identidade];</h4>
</li>
<li>
<h4><span style="color: #000080;"><strong>nas PESSOAS E ORGANIZAÇÕES </strong></span>[objectivando o reforço do capital humano, investindo na informação, sensibilização, qualificação, formação, animação e trabalho em rede dos agentes locais e comunidade em geral];</h4>
</li>
<li>
<h4><strong><span style="color: #000080;">nos RECURSOS, ACTIVIDADES E PRODUTOS</span></strong> [objectivando a transformação dos recursos endógenos em produtos e serviços com identidade reconhecida pelo mercado. Consolidação dos sectores económicos locais com suporte nos recursos, actividades e produtos da região, conferindo valor em respeito com os princípios ecológicos (incremento da tecnologia, inovação, especialização, comunicação e marketing, novos mercados)]</h4>
</li>
<li>
<h4><span style="color: #000080;"><strong>na INICIATIVA LOCAL</strong></span> [objectivando a aposta em empresas mais fortes que sejam motor da dinâmica local e suporte da sustentabilidade territorial]</h4>
</li>
</ul>
<p>&nbsp;</p>
<h4><a href="https://dueceira.pt/wp-content/uploads/2025/10/eixos-enfoques.png"><img decoding="async" class="wp-image-15302 aligncenter" src="https://dueceira.pt/wp-content/uploads/2025/10/eixos-enfoques.png" alt="" width="860" height="506" srcset="https://dueceira.pt/wp-content/uploads/2025/10/eixos-enfoques-200x118.png 200w, https://dueceira.pt/wp-content/uploads/2025/10/eixos-enfoques-300x177.png 300w, https://dueceira.pt/wp-content/uploads/2025/10/eixos-enfoques-400x236.png 400w, https://dueceira.pt/wp-content/uploads/2025/10/eixos-enfoques-600x353.png 600w, https://dueceira.pt/wp-content/uploads/2025/10/eixos-enfoques-768x452.png 768w, https://dueceira.pt/wp-content/uploads/2025/10/eixos-enfoques-800x471.png 800w, https://dueceira.pt/wp-content/uploads/2025/10/eixos-enfoques-1024x603.png 1024w, https://dueceira.pt/wp-content/uploads/2025/10/eixos-enfoques-1200x707.png 1200w, https://dueceira.pt/wp-content/uploads/2025/10/eixos-enfoques-1536x905.png 1536w, https://dueceira.pt/wp-content/uploads/2025/10/eixos-enfoques.png 1586w" sizes="(max-width: 860px) 100vw, 860px" /></a></h4>
<h4><a href="https://dueceira.pt/wp-content/uploads/2025/10/Pilares-da-Intervencao.png"><img decoding="async" class="wp-image-15303 aligncenter" src="https://dueceira.pt/wp-content/uploads/2025/10/Pilares-da-Intervencao.png" alt="" width="947" height="533" srcset="https://dueceira.pt/wp-content/uploads/2025/10/Pilares-da-Intervencao-200x113.png 200w, https://dueceira.pt/wp-content/uploads/2025/10/Pilares-da-Intervencao-300x169.png 300w, https://dueceira.pt/wp-content/uploads/2025/10/Pilares-da-Intervencao-400x225.png 400w, https://dueceira.pt/wp-content/uploads/2025/10/Pilares-da-Intervencao-600x338.png 600w, https://dueceira.pt/wp-content/uploads/2025/10/Pilares-da-Intervencao-768x432.png 768w, https://dueceira.pt/wp-content/uploads/2025/10/Pilares-da-Intervencao-800x450.png 800w, https://dueceira.pt/wp-content/uploads/2025/10/Pilares-da-Intervencao-1024x576.png 1024w, https://dueceira.pt/wp-content/uploads/2025/10/Pilares-da-Intervencao-1200x675.png 1200w, https://dueceira.pt/wp-content/uploads/2025/10/Pilares-da-Intervencao-1536x864.png 1536w, https://dueceira.pt/wp-content/uploads/2025/10/Pilares-da-Intervencao.png 1920w" sizes="(max-width: 947px) 100vw, 947px" /></a></h4>
<hr />
<p>&nbsp;</p>

<p>O Macro-objectivo da EDL- Estratégia de Desenvolvimento Local da Dueceira2030 foca-se no BEM-ESTAR das comunidades visando o crescimento harmonioso do Território [+sustentável +inteligente, +inclusivo, +atractivo, +próximo]. Para a prossecução desta visão, a EDL Dueceira2030 foi estruturada em 4 Eixos Estratégicos de Intervenção / Enfoques Temáticos, concretamente: no TERRITÓRIO [objectivando a consolidação e crescimento de marca  [&#8230;]</p>
