{"id":11869,"date":"2016-01-28T22:10:34","date_gmt":"2016-01-28T22:10:34","guid":{"rendered":"http:\/\/dueceira.pt\/new\/?page_id=11869"},"modified":"2019-02-07T12:07:20","modified_gmt":"2019-02-07T12:07:20","slug":"coisas-nossas","status":"publish","type":"page","link":"https:\/\/dueceira.pt\/?page_id=11869","title":{"rendered":"Coisas Nossas"},"content":{"rendered":"<p><div class=\"fusion-fullwidth fullwidth-box fusion-builder-row-1 nonhundred-percent-fullwidth non-hundred-percent-height-scrolling\" style=\"--awb-background-position:left top;--awb-border-radius-top-left:0px;--awb-border-radius-top-right:0px;--awb-border-radius-bottom-right:0px;--awb-border-radius-bottom-left:0px;--awb-padding-top:20px;--awb-padding-bottom:20px;--awb-border-sizes-top:0px;--awb-border-sizes-bottom:0px;--awb-flex-wrap:wrap;\" ><div class=\"fusion-builder-row fusion-row\"><div class=\"fusion-layout-column fusion_builder_column fusion-builder-column-0 fusion_builder_column_2_3 2_3 fusion-two-third fusion-column-first\" style=\"--awb-bg-size:cover;width:65.3333%; margin-right: 4%;\"><div class=\"fusion-column-wrapper fusion-flex-column-wrapper-legacy\"><div class=\"fusion-text fusion-text-1\"><p><a href=\"http:\/\/dueceira.pt\/wp-content\/uploads\/2013\/01\/coisas-nossas.jpg\" rel=\"attachment wp-att-11927\"><img decoding=\"async\" class=\"alignnone size-full wp-image-11927\" src=\"http:\/\/dueceira.pt\/wp-content\/uploads\/2013\/01\/coisas-nossas.jpg\" alt=\"coisas nossas\" width=\"4256\" height=\"2832\" srcset=\"https:\/\/dueceira.pt\/wp-content\/uploads\/2013\/01\/coisas-nossas-300x200.jpg 300w, https:\/\/dueceira.pt\/wp-content\/uploads\/2013\/01\/coisas-nossas-768x511.jpg 768w, https:\/\/dueceira.pt\/wp-content\/uploads\/2013\/01\/coisas-nossas-1024x681.jpg 1024w, https:\/\/dueceira.pt\/wp-content\/uploads\/2013\/01\/coisas-nossas.jpg 4256w\" sizes=\"(max-width: 4256px) 100vw, 4256px\" \/><\/a><\/p>\n<h4 style=\"text-align: justify;\"><strong>Futuro espa\u00e7o de divulga\u00e7\u00e3o e promo\u00e7\u00e3o do ARTESANATO, <\/strong><strong>saberes tradicionais<\/strong><strong> e artes\u00e3os,<\/strong> enquanto reconhecimento da sua import\u00e2ncia, valor cultural e social e um apoio efectivo \u00e0 sua actividade produtiva num processo de constru\u00e7\u00e3o de identidades territoriais e de um imagin\u00e1rio colectivo.<\/p>\n<\/div><div class=\"fusion-clearfix\"><\/div><\/div><\/div><\/div><\/div><\/h4>\n","protected":false},"excerpt":{"rendered":"","protected":false},"author":2,"featured_media":0,"parent":0,"menu_order":0,"comment_status":"closed","ping_status":"closed","template":"","meta":{"footnotes":""},"class_list":["post-11869","page","type-page","status-publish","hentry"],"jetpack_sharing_enabled":true,"_links":{"self":[{"href":"https:\/\/dueceira.pt\/index.php?rest_route=\/wp\/v2\/pages\/11869","targetHints":{"allow":["GET"]}}],"collection":[{"href":"https:\/\/dueceira.pt\/index.php?rest_route=\/wp\/v2\/pages"}],"about":[{"href":"https:\/\/dueceira.pt\/index.php?rest_route=\/wp\/v2\/types\/page"}],"author":[{"embeddable":true,"href":"https:\/\/dueceira.pt\/index.php?rest_route=\/wp\/v2\/users\/2"}],"replies":[{"embeddable":true,"href":"https:\/\/dueceira.pt\/index.php?rest_route=%2Fwp%2Fv2%2Fcomments&post=11869"}],"version-history":[{"count":23,"href":"https:\/\/dueceira.pt\/index.php?rest_route=\/wp\/v2\/pages\/11869\/revisions"}],"predecessor-version":[{"id":13108,"href":"https:\/\/dueceira.pt\/index.php?rest_route=\/wp\/v2\/pages\/11869\/revisions\/13108"}],"wp:attachment":[{"href":"https:\/\/dueceira.pt\/index.php?rest_route=%2Fwp%2Fv2%2Fmedia&parent=11869"}],"curies":[{"name":"wp","href":"https:\/\/api.w.org\/{rel}","templated":true}]}}

<p><div class="fusion-fullwidth fullwidth-box fusion-builder-row-1 nonhundred-percent-fullwidth non-hundred-percent-height-scrolling" style="--awb-background-position:left top;--awb-border-radius-top-left:0px;--awb-border-radius-top-right:0px;--awb-border-radius-bottom-right:0px;--awb-border-radius-bottom-left:0px;--awb-padding-top:20px;--awb-padding-bottom:20px;--awb-border-sizes-top:0px;--awb-border-sizes-bottom:0px;--awb-flex-wrap:wrap;" ><div class="fusion-builder-row fusion-row"><div class="fusion-layout-column fusion_builder_column fusion-builder-column-0 fusion_builder_column_2_3 2_3 fusion-two-third fusion-column-first" style="--awb-bg-size:cover;width:65.3333%; margin-right: 4%;"><div class="fusion-column-wrapper fusion-flex-column-wrapper-legacy"><div class="fusion-text fusion-text-1"><p><a href="http://dueceira.pt/wp-content/uploads/2013/01/coisas-nossas.jpg" rel="attachment wp-att-11927"><img decoding="async" class="alignnone size-full wp-image-11927" src="http://dueceira.pt/wp-content/uploads/2013/01/coisas-nossas.jpg" alt="coisas nossas" width="4256" height="2832" srcset="https://dueceira.pt/wp-content/uploads/2013/01/coisas-nossas-300x200.jpg 300w, https://dueceira.pt/wp-content/uploads/2013/01/coisas-nossas-768x511.jpg 768w, https://dueceira.pt/wp-content/uploads/2013/01/coisas-nossas-1024x681.jpg 1024w, https://dueceira.pt/wp-content/uploads/2013/01/coisas-nossas.jpg 4256w" sizes="(max-width: 4256px) 100vw, 4256px" /></a></p>
<h4 style="text-align: justify;"><strong>Futuro espaço de divulgação e promoção do ARTESANATO, </strong><strong>saberes tradicionais</strong><strong> e artesãos,</strong> enquanto reconhecimento da sua importância, valor cultural e social e um apoio efectivo à sua actividade produtiva num processo de construção de identidades territoriais e de um imaginário colectivo.</p>
</div><div class="fusion-clearfix"></div></div></div></div></div></h4>
