{"id":13453,"date":"2018-09-14T10:40:01","date_gmt":"2018-09-14T10:40:01","guid":{"rendered":"http:\/\/dueceira.pt\/?page_id=13453"},"modified":"2022-03-09T18:32:48","modified_gmt":"2022-03-09T18:32:48","slug":"anuncio-de-abertura-operacao-10-214","status":"publish","type":"page","link":"https:\/\/dueceira.pt\/?page_id=13453","title":{"rendered":"An\u00fancio de Abertura &#8211; Opera\u00e7\u00e3o 10.214 &#8211; Cadeias Curtas e Mercados Locais"},"content":{"rendered":"<p><div class=\"fusion-fullwidth fullwidth-box fusion-builder-row-1 nonhundred-percent-fullwidth non-hundred-percent-height-scrolling\" style=\"--awb-border-radius-top-left:0px;--awb-border-radius-top-right:0px;--awb-border-radius-bottom-right:0px;--awb-border-radius-bottom-left:0px;--awb-flex-wrap:wrap;\" ><div class=\"fusion-builder-row fusion-row\"><div class=\"fusion-layout-column fusion_builder_column fusion-builder-column-0 fusion_builder_column_1_1 1_1 fusion-one-full fusion-column-first fusion-column-last\" style=\"--awb-bg-size:cover;--awb-margin-bottom:0px;\"><div class=\"fusion-column-wrapper fusion-flex-column-wrapper-legacy\"><div class=\"fusion-text fusion-text-1\"><h4><strong>Opera\u00e7\u00e3o 10.214 &#8211;\u00a0Cadeias Curtas e Mercados Locais<\/strong><\/h4>\n<h4><strong><span style=\"color: #000080;\">COMPONENTE MERCADOS LOCAIS<\/span> <\/strong><\/h4>\n<h4>[<strong>5\u00ba. AN\u00daNCIO] <span style=\"color: #ff0000;\">ENCERRADO<\/span><\/strong><\/h4>\n<p><a href=\"http:\/\/dueceira.pt\/wp-content\/uploads\/2018\/09\/produtos-agricolas.jpg\"><img decoding=\"async\" class=\"alignnone wp-image-13456\" src=\"http:\/\/dueceira.pt\/wp-content\/uploads\/2018\/09\/produtos-agricolas-300x178.jpg\" alt=\"\" width=\"200\" height=\"119\" srcset=\"https:\/\/dueceira.pt\/wp-content\/uploads\/2018\/09\/produtos-agricolas-200x119.jpg 200w, https:\/\/dueceira.pt\/wp-content\/uploads\/2018\/09\/produtos-agricolas-300x178.jpg 300w, https:\/\/dueceira.pt\/wp-content\/uploads\/2018\/09\/produtos-agricolas-400x237.jpg 400w, https:\/\/dueceira.pt\/wp-content\/uploads\/2018\/09\/produtos-agricolas.jpg 600w\" sizes=\"(max-width: 200px) 100vw, 200px\" \/><\/a><a href=\"http:\/\/dueceira.pt\/wp-content\/uploads\/2018\/09\/content_Organic-Produce.jpg\"><img decoding=\"async\" class=\"alignnone wp-image-13455\" src=\"http:\/\/dueceira.pt\/wp-content\/uploads\/2018\/09\/content_Organic-Produce-300x200.jpg\" alt=\"\" width=\"176\" height=\"117\" srcset=\"https:\/\/dueceira.pt\/wp-content\/uploads\/2018\/09\/content_Organic-Produce-200x133.jpg 200w, https:\/\/dueceira.pt\/wp-content\/uploads\/2018\/09\/content_Organic-Produce-300x200.jpg 300w, https:\/\/dueceira.pt\/wp-content\/uploads\/2018\/09\/content_Organic-Produce-400x267.jpg 400w, https:\/\/dueceira.pt\/wp-content\/uploads\/2018\/09\/content_Organic-Produce-600x400.jpg 600w, https:\/\/dueceira.pt\/wp-content\/uploads\/2018\/09\/content_Organic-Produce-768x512.jpg 768w, https:\/\/dueceira.pt\/wp-content\/uploads\/2018\/09\/content_Organic-Produce.jpg 800w\" sizes=\"(max-width: 176px) 100vw, 176px\" \/><\/a><\/p>\n<ul>\n<li>\n<h4><strong><a href=\"https:\/\/dueceira.pt\/wp-content\/uploads\/2022\/01\/Anuncio-5.10214.Dueceira.2022-ML-Mercados-Locais.pdf\" target=\"_blank\" rel=\"noopener\">An\u00fancio de Abertura de Per\u00edodo de Apresenta\u00e7\u00e3o de Candidaturas <\/a><span style=\"color: #ff0000;\">[de 12 de Janeiro a 28 de Fevereiro de 2022]<\/span><\/strong><\/h4>\n<\/li>\n<li>\n<h4><strong><a href=\"http:\/\/dueceira.pt\/wp-content\/uploads\/2016\/06\/0-Portaria-152_2016.pdf\" target=\"_blank\" rel=\"noopener noreferrer\">PORTARIA REGULAMENTAR 152\/2016 DE 25 DE MAIO<\/a>\u00a0 alterada e republicada pela\u00a0<a href=\"https:\/\/dueceira.pt\/wp-content\/uploads\/2021\/11\/Portaria-187.2021-de-07.Setembro-actualizacao-Portaria-152.2016-PDR2020-1.pdf\" target=\"_blank\" rel=\"noopener\">PORTARIA\u00a0<\/a>187\/2021 de 07 de Setembro\u00a0\u00a0<a href=\"http:\/\/dueceira.pt\/?page_id=11958\" target=\"_blank\" rel=\"noopener noreferrer\">[CONFRONTAR LEGISLA\u00c7\u00c3O RELEVANTE]<\/a><\/strong><\/h4>\n<\/li>\n<li>\n<h4><strong><a href=\"https:\/\/dueceira.pt\/wp-content\/uploads\/2022\/01\/OTE-N.47_2016_V2_22102019.pdf\" target=\"_blank\" rel=\"noopener\">OTE- Orienta\u00e7\u00e3o T\u00e9cnica Espec\u00edfica 47\/2016 &#8211; Vers\u00e3o 2 de 22\/10\/2019<\/a><\/strong><\/h4>\n<\/li>\n<li>\n<h4><a href=\"https:\/\/dueceira.pt\/wp-content\/uploads\/2022\/01\/Norma_Analise_10214_v2_assinada.pdf\" target=\"_blank\" rel=\"noopener\">Norma de An\u00e1lise &#8211; Vers\u00e3o 2 de 13\/12\/2019<\/a><\/h4>\n<\/li>\n<li>\n<h4><strong><a href=\"http:\/\/dueceira.pt\/wp-content\/uploads\/2020\/01\/PLANO-DE-INVESTIMENTO-10.214-Mercados-Locais.docx\" target=\"_blank\" rel=\"noopener noreferrer\">Modelo de Plano de Investimento<\/a><\/strong><\/h4>\n<\/li>\n<li>\n<h4><strong><a href=\"http:\/\/dueceira.pt?page_id=12102\" target=\"_blank\" rel=\"noopener noreferrer\">Gui\u00e3o de Apoio DLBC2020 [Fichas e Manuais de Apoio]<\/a><\/strong><\/h4>\n<\/li>\n<li>\n<h4><strong><a href=\"https:\/\/balcao.pdr-2020.pt\/balcao\/inicio\/auth\/login\" target=\"_blank\" rel=\"noopener noreferrer\">Balc\u00e3o do Benefici\u00e1rio PDR2020<\/a><\/strong><\/h4>\n<\/li>\n<\/ul>\n<p>&nbsp;<\/p>\n<p>&nbsp;<\/p>\n<p>&nbsp;<\/p>\n<hr \/>\n<hr \/>\n<hr \/>\n<h4><strong>Opera\u00e7\u00e3o 10.214 &#8211;\u00a0Cadeias Curtas e Mercados Locais<\/strong><\/h4>\n<h4><strong><span style=\"color: #000080;\">COMPONENTE CADEIAS CURTAS<\/span><\/strong><\/h4>\n<h4>[<strong>4\u00ba. AN\u00daNCIO] <span style=\"color: #ff0000;\">ENCERRADO<\/span><\/strong><\/h4>\n<p><a href=\"http:\/\/dueceira.pt\/wp-content\/uploads\/2018\/09\/produtos-agricolas.jpg\"><img decoding=\"async\" class=\"alignnone wp-image-13456\" src=\"http:\/\/dueceira.pt\/wp-content\/uploads\/2018\/09\/produtos-agricolas-300x178.jpg\" alt=\"\" width=\"196\" height=\"116\" srcset=\"https:\/\/dueceira.pt\/wp-content\/uploads\/2018\/09\/produtos-agricolas-200x119.jpg 200w, https:\/\/dueceira.pt\/wp-content\/uploads\/2018\/09\/produtos-agricolas-300x178.jpg 300w, https:\/\/dueceira.pt\/wp-content\/uploads\/2018\/09\/produtos-agricolas-400x237.jpg 400w, https:\/\/dueceira.pt\/wp-content\/uploads\/2018\/09\/produtos-agricolas.jpg 600w\" sizes=\"(max-width: 196px) 100vw, 196px\" \/><\/a><a href=\"http:\/\/dueceira.pt\/wp-content\/uploads\/2018\/09\/content_Organic-Produce.jpg\"><img decoding=\"async\" class=\"alignnone wp-image-13454\" src=\"http:\/\/dueceira.pt\/wp-content\/uploads\/2018\/09\/1e51785b1d9c928f038ed0ea93dcc8fc_L-300x200.jpg\" alt=\"\" width=\"174\" height=\"117\" srcset=\"https:\/\/dueceira.pt\/wp-content\/uploads\/2018\/09\/1e51785b1d9c928f038ed0ea93dcc8fc_L-200x133.jpg 200w, https:\/\/dueceira.pt\/wp-content\/uploads\/2018\/09\/1e51785b1d9c928f038ed0ea93dcc8fc_L-300x200.jpg 300w, https:\/\/dueceira.pt\/wp-content\/uploads\/2018\/09\/1e51785b1d9c928f038ed0ea93dcc8fc_L-400x267.jpg 400w, https:\/\/dueceira.pt\/wp-content\/uploads\/2018\/09\/1e51785b1d9c928f038ed0ea93dcc8fc_L-600x400.jpg 600w, https:\/\/dueceira.pt\/wp-content\/uploads\/2018\/09\/1e51785b1d9c928f038ed0ea93dcc8fc_L.jpg 700w\" sizes=\"(max-width: 174px) 100vw, 174px\" \/><\/a><\/p>\n<ul>\n<li>\n<h4><strong><a href=\"http:\/\/dueceira.pt\/wp-content\/uploads\/2020\/01\/An\u00fancio-Assinado-10.214-CC.pdf\" target=\"_blank\" rel=\"noopener noreferrer\">An\u00fancio de Abertura de Per\u00edodo de Apresenta\u00e7\u00e3o de Candidaturas<\/a><span style=\"color: #ff0000;\">[de 20 de Janeiro a 29 de Maio de 2020]<\/span><\/strong><\/h4>\n<\/li>\n<li>\n<h4><strong><a href=\"http:\/\/dueceira.pt\/wp-content\/uploads\/2016\/06\/0-Portaria-152_2016.pdf\" target=\"_blank\" rel=\"noopener noreferrer\">Portaria Regulamentar 152\/2016 de 25 de Maio<\/a>\u00a0<span style=\"color: #000000;\"> e Portarias seguintes<\/span>\u00a0<a href=\"http:\/\/dueceira.pt\/wp-content\/uploads\/2016\/02\/Portaria249_2016-actualiza%C3%A7%C3%A3o-%C3%A0-152.pdf\" target=\"_blank\" rel=\"noopener noreferrer\">249\/2016<\/a>\u00a0|\u00a0<a href=\"http:\/\/dueceira.pt\/wp-content\/uploads\/2016\/02\/Portaria-238.2017-de-28.Julho_.pdf\" target=\"_blank\" rel=\"noopener noreferrer\">238\/2017<\/a>\u00a0|\u00a0<a href=\"http:\/\/dueceira.pt\/wp-content\/uploads\/2019\/10\/Portaria_338_2019.pdf\" target=\"_blank\" rel=\"noopener noreferrer\">338\/2019<\/a>\u00a0|\u00a0<a href=\"http:\/\/dueceira.pt\/wp-content\/uploads\/2019\/12\/Portaria-133_2019.pdf\" target=\"_blank\" rel=\"noopener noreferrer\">133\/2019<\/a>\u00a0|\u00a0<a href=\"http:\/\/dueceira.pt\/wp-content\/uploads\/2019\/12\/Portaria-152-Vers%C3%A3o-Consolidada_de_01-10-2019.pdf\" target=\"_blank\" rel=\"noopener noreferrer\">Vers\u00e3o Consolidada 152\/2016<\/a>\u00a0<a href=\"http:\/\/dueceira.pt\/?page_id=11958\" target=\"_blank\" rel=\"noopener noreferrer\">[Confrontar Legisla\u00e7\u00e3o Relevante]<\/a><\/strong><\/h4>\n<\/li>\n<li>\n<h4><a href=\"http:\/\/dueceira.pt\/wp-content\/uploads\/2020\/04\/Portaria-86-04.04.2020-CC-Altera\u00e7\u00f5es.pdf\" target=\"_blank\" rel=\"noopener noreferrer\">Portaria 86\/2020 de 04 de Abril que e<\/a><strong><span style=\"color: #000000;\">stabelece um conjunto de medidas excepcionais e tempor\u00e1rias relativas \u00e0 situa\u00e7\u00e3o<\/span><br \/>\n<span style=\"color: #000000;\">epidemiol\u00f3gica da doen\u00e7a COVID 19, no \u00e2mbito da opera\u00e7\u00e3o 10.2.1.4<\/span>\u00a0 <\/strong><span style=\"color: #008000;\"><strong>NOVO<\/strong><\/span><\/h4>\n<\/li>\n<li>\n<h4><a href=\"http:\/\/dueceira.pt\/wp-content\/uploads\/2020\/05\/OTE-n.\u00ba-125_2020_10.2.1.4_COVID-19_com-gui\u00e3o.pdf\" target=\"_blank\" rel=\"noopener noreferrer\">OTE- Orienta\u00e7\u00e3o T\u00e9cnica Espec\u00edfica 125\/2020 de 06\/04\/2020\u00a0 &#8211; Projectos de investimento no \u00e2mbito da Componente Cadeias Curtas da Opera\u00e7\u00e3o 10.214 \u2013 Avisos no \u00e2mbito da COVID 19<\/a>\u00a0<span style=\"color: #008000;\"><strong> NOVO<\/strong><\/span><\/h4>\n<\/li>\n<li>\n<h4><a href=\"http:\/\/dueceira.pt\/wp-content\/uploads\/2020\/05\/Norma-An\u00e1lise-Covid-19.pdf\" target=\"_blank\" rel=\"noopener noreferrer\">Norma de An\u00e1lise N4\/A4\/10.214\/2020 &#8211; Procedimentos espec\u00edficos de an\u00e1lise de projectos de investimento submetidos \u00e0 Componente Cadeias Curtas da Opera\u00e7\u00e3o 10.214<\/a> no \u00e2mbito da COVID 19<span style=\"color: #008000;\"><strong>\u00a0NOVO<\/strong><\/span><\/h4>\n<\/li>\n<li>\n<h4><a href=\"http:\/\/dueceira.pt\/wp-content\/uploads\/2020\/04\/Nota-Cadeias-Curtas_COVID-19_15_04_2020.pdf\" target=\"_blank\" rel=\"noopener noreferrer\">Especificidade das Medidas COVID 19 &#8211; Componente Cadeias Curtas<\/a> <span style=\"color: #008000;\"><strong>NOVO<\/strong><\/span><\/h4>\n<\/li>\n<li>\n<h4><a href=\"http:\/\/dueceira.pt\/wp-content\/uploads\/2020\/05\/Quest\u00f5es-no-\u00e2mbito-Covid19-Esclarecimentos.pdf\" target=\"_blank\" rel=\"noopener noreferrer\">Esclarecimentos a quest\u00f5es COVID 19<\/a> <strong style=\"color: #008000;\">NOVO<\/strong><\/h4>\n<\/li>\n<li>\n<h4><a href=\"http:\/\/dueceira.pt\/wp-content\/uploads\/2020\/01\/PLANO-DE-INVESTIMENTO-10.214-Cadeias-Curtas.docx\" target=\"_blank\" rel=\"noopener noreferrer\"><strong>Modelo de Plano de Investimento<\/strong><\/a><\/h4>\n<\/li>\n<li>\n<h4><strong><a href=\"http:\/\/dueceira.pt?page_id=12102\" target=\"_blank\" rel=\"noopener noreferrer\">Gui\u00e3o de Apoio DLBC2020 [Fichas e Manuais de Apoio]<\/a><\/strong><\/h4>\n<\/li>\n<li>\n<h4><strong><a href=\"https:\/\/balcao.pdr-2020.pt\/balcao\/inicio\/auth\/login\" target=\"_blank\" rel=\"noopener noreferrer\">Balc\u00e3o do Benefici\u00e1rio PDR2020<\/a><\/strong><\/h4>\n<\/li>\n<\/ul>\n<h4><\/h4>\n<h4>\n<\/div><div class=\"fusion-clearfix\"><\/div><\/div><\/div><\/div><\/div><\/h4>\n","protected":false},"excerpt":{"rendered":"","protected":false},"author":3,"featured_media":0,"parent":0,"menu_order":0,"comment_status":"closed","ping_status":"closed","template":"","meta":{"footnotes":""},"class_list":["post-13453","page","type-page","status-publish","hentry"],"jetpack_sharing_enabled":true,"_links":{"self":[{"href":"https:\/\/dueceira.pt\/index.php?rest_route=\/wp\/v2\/pages\/13453","targetHints":{"allow":["GET"]}}],"collection":[{"href":"https:\/\/dueceira.pt\/index.php?rest_route=\/wp\/v2\/pages"}],"about":[{"href":"https:\/\/dueceira.pt\/index.php?rest_route=\/wp\/v2\/types\/page"}],"author":[{"embeddable":true,"href":"https:\/\/dueceira.pt\/index.php?rest_route=\/wp\/v2\/users\/3"}],"replies":[{"embeddable":true,"href":"https:\/\/dueceira.pt\/index.php?rest_route=%2Fwp%2Fv2%2Fcomments&post=13453"}],"version-history":[{"count":33,"href":"https:\/\/dueceira.pt\/index.php?rest_route=\/wp\/v2\/pages\/13453\/revisions"}],"predecessor-version":[{"id":14507,"href":"https:\/\/dueceira.pt\/index.php?rest_route=\/wp\/v2\/pages\/13453\/revisions\/14507"}],"wp:attachment":[{"href":"https:\/\/dueceira.pt\/index.php?rest_route=%2Fwp%2Fv2%2Fmedia&parent=13453"}],"curies":[{"name":"wp","href":"https:\/\/api.w.org\/{rel}","templated":true}]}}