{"id":14953,"date":"2024-08-05T17:39:51","date_gmt":"2024-08-05T17:39:51","guid":{"rendered":"https:\/\/dueceira.pt\/?page_id=14953"},"modified":"2024-08-05T18:22:17","modified_gmt":"2024-08-05T18:22:17","slug":"6-em-rede-vvd","status":"publish","type":"page","link":"https:\/\/dueceira.pt\/?page_id=14953","title":{"rendered":"6 em Rede \/ VVD"},"content":{"rendered":"<h2><strong>\u20186 EM REDE\u2019 &#8211; Estrutura de Apoio a V\u00edtimas de Viol\u00eancia Dom\u00e9stica<\/strong><\/h2>\n<p>&nbsp;<\/p>\n<ol>\n<li>\n<h4><span style=\"color: #808000;\">Componente de <strong>GAV<\/strong> &#8211; Gabinete de Apoio a V\u00edtimas de Viol\u00eancia Dom\u00e9stica<\/span><\/h4>\n<\/li>\n<li>\n<h4><span style=\"color: #808000;\">Componente de <strong>RAP<\/strong> &#8211; Resposta de Apoio Psicol\u00f3gico a Crian\u00e7as e Jovens V\u00edtimas de Viol\u00eancia Dom\u00e9stica<\/span><\/h4>\n<\/li>\n<\/ol>\n<h4>Servi\u00e7os disponibilizados:<\/h4>\n<ul>\n<li>\n<h4>Acompanhamento psicol\u00f3gico e social a adultos;<\/h4>\n<\/li>\n<li>\n<h4>Acompanhamento psicol\u00f3gico a crian\u00e7as e jovens;<\/h4>\n<\/li>\n<li>\n<h4>Direitos e garantias no estatuto de v\u00edtima;<\/h4>\n<\/li>\n<li>\n<h4>Informa\u00e7\u00e3o e acesso a apoio jur\u00eddico;<\/h4>\n<\/li>\n<li>\n<h4>Indemniza\u00e7\u00e3o das v\u00edtimas;<\/h4>\n<\/li>\n<li>\n<h4>Medidas de Protec\u00e7\u00e3o e Seguran\u00e7a;<\/h4>\n<\/li>\n<li>\n<h4>Regula\u00e7\u00e3o das responsabilidades parentais.<\/h4>\n<\/li>\n<\/ul>\n<hr \/>\n<h4><span style=\"color: #993300;\">&gt;&gt;Equipa pluridisciplinar, especializada, personalizada e itinerante (14 locais de atendimento)<\/span><\/h4>\n<h4><span style=\"color: #993300;\">&gt;&gt; Servi\u00e7os prestados: Gratuitos e confidenciais<\/span><\/h4>\n<hr \/>\n<h4>CONTACTOS<\/h4>\n<h4>Linhas Telef\u00f3nicas dedicadas:<\/h4>\n<ul>\n<li>\n<h4>927\u00a0057\u00a0059<\/h4>\n<\/li>\n<li>\n<h4>927\u00a0057\u00a0333<\/h4>\n<\/li>\n<li>\n<h4>937\u00a0987\u00a0145<\/h4>\n<\/li>\n<\/ul>\n<h4>E-mail: Coordena\u00e7\u00e3o\/gest\u00e3o e servi\u00e7os administrativos <a href=\"mailto:dueceira@sapo.pt\">dueceira@sapo.pt<\/a>\u00a0\/ Equipa T\u00e9cnica: <a href=\"mailto:riavvd.dueceira@gmail.com\">riavvd.dueceira@gmail.com<\/a><\/h4>\n<hr \/>\n<h4><\/h4>\n<h4><a href=\"https:\/\/dueceira.pt\/wp-content\/uploads\/2024\/08\/Ficha-da-Operacao-6-em-Rede-A3.png\" target=\"_blank\" rel=\"noopener\"><span style=\"color: #993300;\">MAIS INFORMA\u00c7\u00c3O &gt;&gt;&gt; FICHA DA OPERA\u00c7\u00c3O<\/span><\/a><\/h4>\n<hr \/>\n<p>&nbsp;<\/p>\n<p><a href=\"https:\/\/dueceira.pt\/wp-content\/uploads\/2024\/08\/Barra-Sinalizacao-com-Cig-e-6Rede.png\"><img decoding=\"async\" class=\"alignnone wp-image-14963\" src=\"https:\/\/dueceira.pt\/wp-content\/uploads\/2024\/08\/Barra-Sinalizacao-com-Cig-e-6Rede.png\" alt=\"\" width=\"890\" height=\"79\" srcset=\"https:\/\/dueceira.pt\/wp-content\/uploads\/2024\/08\/Barra-Sinalizacao-com-Cig-e-6Rede-200x18.png 200w, https:\/\/dueceira.pt\/wp-content\/uploads\/2024\/08\/Barra-Sinalizacao-com-Cig-e-6Rede-300x27.png 300w, https:\/\/dueceira.pt\/wp-content\/uploads\/2024\/08\/Barra-Sinalizacao-com-Cig-e-6Rede-400x35.png 400w, https:\/\/dueceira.pt\/wp-content\/uploads\/2024\/08\/Barra-Sinalizacao-com-Cig-e-6Rede-600x53.png 600w, https:\/\/dueceira.pt\/wp-content\/uploads\/2024\/08\/Barra-Sinalizacao-com-Cig-e-6Rede-768x68.png 768w, https:\/\/dueceira.pt\/wp-content\/uploads\/2024\/08\/Barra-Sinalizacao-com-Cig-e-6Rede-800x71.png 800w, https:\/\/dueceira.pt\/wp-content\/uploads\/2024\/08\/Barra-Sinalizacao-com-Cig-e-6Rede-1024x91.png 1024w, https:\/\/dueceira.pt\/wp-content\/uploads\/2024\/08\/Barra-Sinalizacao-com-Cig-e-6Rede-1200x106.png 1200w, https:\/\/dueceira.pt\/wp-content\/uploads\/2024\/08\/Barra-Sinalizacao-com-Cig-e-6Rede-1536x136.png 1536w, https:\/\/dueceira.pt\/wp-content\/uploads\/2024\/08\/Barra-Sinalizacao-com-Cig-e-6Rede.png 1570w\" sizes=\"(max-width: 890px) 100vw, 890px\" \/><\/a><\/p>\n","protected":false},"excerpt":{"rendered":"<p>\u20186 EM REDE\u2019 &#8211; Estrutura de Apoio a V\u00edtimas de Viol\u00eancia Dom\u00e9stica &nbsp; Componente de GAV &#8211; Gabinete de Apoio a V\u00edtimas de Viol\u00eancia Dom\u00e9stica Componente de RAP &#8211; Resposta de Apoio Psicol\u00f3gico a Crian\u00e7as e Jovens V\u00edtimas de Viol\u00eancia Dom\u00e9stica Servi\u00e7os disponibilizados: Acompanhamento psicol\u00f3gico e social a adultos; Acompanhamento psicol\u00f3gico a crian\u00e7as e jovens;  [&#8230;]<\/p>\n","protected":false},"author":3,"featured_media":14956,"parent":0,"menu_order":0,"comment_status":"closed","ping_status":"closed","template":"","meta":{"footnotes":""},"class_list":["post-14953","page","type-page","status-publish","has-post-thumbnail","hentry"],"jetpack_sharing_enabled":true,"_links":{"self":[{"href":"https:\/\/dueceira.pt\/index.php?rest_route=\/wp\/v2\/pages\/14953","targetHints":{"allow":["GET"]}}],"collection":[{"href":"https:\/\/dueceira.pt\/index.php?rest_route=\/wp\/v2\/pages"}],"about":[{"href":"https:\/\/dueceira.pt\/index.php?rest_route=\/wp\/v2\/types\/page"}],"author":[{"embeddable":true,"href":"https:\/\/dueceira.pt\/index.php?rest_route=\/wp\/v2\/users\/3"}],"replies":[{"embeddable":true,"href":"https:\/\/dueceira.pt\/index.php?rest_route=%2Fwp%2Fv2%2Fcomments&post=14953"}],"version-history":[{"count":8,"href":"https:\/\/dueceira.pt\/index.php?rest_route=\/wp\/v2\/pages\/14953\/revisions"}],"predecessor-version":[{"id":14975,"href":"https:\/\/dueceira.pt\/index.php?rest_route=\/wp\/v2\/pages\/14953\/revisions\/14975"}],"wp:featuredmedia":[{"embeddable":true,"href":"https:\/\/dueceira.pt\/index.php?rest_route=\/wp\/v2\/media\/14956"}],"wp:attachment":[{"href":"https:\/\/dueceira.pt\/index.php?rest_route=%2Fwp%2Fv2%2Fmedia&parent=14953"}],"curies":[{"name":"wp","href":"https:\/\/api.w.org\/{rel}","templated":true}]}}

<h2><strong>‘6 EM REDE’ &#8211; Estrutura de Apoio a Vítimas de Violência Doméstica</strong></h2>
<p>&nbsp;</p>
<ol>
<li>
<h4><span style="color: #808000;">Componente de <strong>GAV</strong> &#8211; Gabinete de Apoio a Vítimas de Violência Doméstica</span></h4>
</li>
<li>
<h4><span style="color: #808000;">Componente de <strong>RAP</strong> &#8211; Resposta de Apoio Psicológico a Crianças e Jovens Vítimas de Violência Doméstica</span></h4>
</li>
</ol>
<h4>Serviços disponibilizados:</h4>
<ul>
<li>
<h4>Acompanhamento psicológico e social a adultos;</h4>
</li>
<li>
<h4>Acompanhamento psicológico a crianças e jovens;</h4>
</li>
<li>
<h4>Direitos e garantias no estatuto de vítima;</h4>
</li>
<li>
<h4>Informação e acesso a apoio jurídico;</h4>
</li>
<li>
<h4>Indemnização das vítimas;</h4>
</li>
<li>
<h4>Medidas de Protecção e Segurança;</h4>
</li>
<li>
<h4>Regulação das responsabilidades parentais.</h4>
</li>
</ul>
<hr />
<h4><span style="color: #993300;">&gt;&gt;Equipa pluridisciplinar, especializada, personalizada e itinerante (14 locais de atendimento)</span></h4>
<h4><span style="color: #993300;">&gt;&gt; Serviços prestados: Gratuitos e confidenciais</span></h4>
<hr />
<h4>CONTACTOS</h4>
<h4>Linhas Telefónicas dedicadas:</h4>
<ul>
<li>
<h4>927 057 059</h4>
</li>
<li>
<h4>927 057 333</h4>
</li>
<li>
<h4>937 987 145</h4>
</li>
</ul>
<h4>E-mail: Coordenação/gestão e serviços administrativos <a href="mailto:dueceira@sapo.pt">dueceira@sapo.pt</a> / Equipa Técnica: <a href="mailto:riavvd.dueceira@gmail.com">riavvd.dueceira@gmail.com</a></h4>
<hr />
<h4></h4>
<h4><a href="https://dueceira.pt/wp-content/uploads/2024/08/Ficha-da-Operacao-6-em-Rede-A3.png" target="_blank" rel="noopener"><span style="color: #993300;">MAIS INFORMAÇÃO &gt;&gt;&gt; FICHA DA OPERAÇÃO</span></a></h4>
<hr />
<p>&nbsp;</p>
<p><a href="https://dueceira.pt/wp-content/uploads/2024/08/Barra-Sinalizacao-com-Cig-e-6Rede.png"><img decoding="async" class="alignnone wp-image-14963" src="https://dueceira.pt/wp-content/uploads/2024/08/Barra-Sinalizacao-com-Cig-e-6Rede.png" alt="" width="890" height="79" srcset="https://dueceira.pt/wp-content/uploads/2024/08/Barra-Sinalizacao-com-Cig-e-6Rede-200x18.png 200w, https://dueceira.pt/wp-content/uploads/2024/08/Barra-Sinalizacao-com-Cig-e-6Rede-300x27.png 300w, https://dueceira.pt/wp-content/uploads/2024/08/Barra-Sinalizacao-com-Cig-e-6Rede-400x35.png 400w, https://dueceira.pt/wp-content/uploads/2024/08/Barra-Sinalizacao-com-Cig-e-6Rede-600x53.png 600w, https://dueceira.pt/wp-content/uploads/2024/08/Barra-Sinalizacao-com-Cig-e-6Rede-768x68.png 768w, https://dueceira.pt/wp-content/uploads/2024/08/Barra-Sinalizacao-com-Cig-e-6Rede-800x71.png 800w, https://dueceira.pt/wp-content/uploads/2024/08/Barra-Sinalizacao-com-Cig-e-6Rede-1024x91.png 1024w, https://dueceira.pt/wp-content/uploads/2024/08/Barra-Sinalizacao-com-Cig-e-6Rede-1200x106.png 1200w, https://dueceira.pt/wp-content/uploads/2024/08/Barra-Sinalizacao-com-Cig-e-6Rede-1536x136.png 1536w, https://dueceira.pt/wp-content/uploads/2024/08/Barra-Sinalizacao-com-Cig-e-6Rede.png 1570w" sizes="(max-width: 890px) 100vw, 890px" /></a></p>

<p>‘6 EM REDE’ &#8211; Estrutura de Apoio a Vítimas de Violência Doméstica &nbsp; Componente de GAV &#8211; Gabinete de Apoio a Vítimas de Violência Doméstica Componente de RAP &#8211; Resposta de Apoio Psicológico a Crianças e Jovens Vítimas de Violência Doméstica Serviços disponibilizados: Acompanhamento psicológico e social a adultos; Acompanhamento psicológico a crianças e jovens;  [&#8230;]</p>
