{"id":15343,"date":"2025-11-06T16:29:02","date_gmt":"2025-11-06T16:29:02","guid":{"rendered":"https:\/\/dueceira.pt\/?page_id=15343"},"modified":"2025-11-07T11:09:30","modified_gmt":"2025-11-07T11:09:30","slug":"ficha-de-projecto-pepac-2027","status":"publish","type":"page","link":"https:\/\/dueceira.pt\/?page_id=15343","title":{"rendered":"Ficha de Projecto PEPAC 2027"},"content":{"rendered":"<h4><a href=\"https:\/\/dueceira.pt\/wp-content\/uploads\/2025\/11\/Animacao-e-Promocao-Territorial-1.pdf\" target=\"_blank\" rel=\"noopener\">Anima\u00e7\u00e3o e Promo\u00e7\u00e3o Territorial [Quadro Referencial]<\/a><\/h4>\n<p><a href=\"https:\/\/dueceira.pt\/wp-content\/uploads\/2025\/11\/Ficha-de-Projecto-PEPAC-2027.png\"><img decoding=\"async\" class=\"alignnone size-full wp-image-15341\" src=\"https:\/\/dueceira.pt\/wp-content\/uploads\/2025\/11\/Ficha-de-Projecto-PEPAC-2027.png\" alt=\"\" width=\"674\" height=\"961\" srcset=\"https:\/\/dueceira.pt\/wp-content\/uploads\/2025\/11\/Ficha-de-Projecto-PEPAC-2027-200x285.png 200w, https:\/\/dueceira.pt\/wp-content\/uploads\/2025\/11\/Ficha-de-Projecto-PEPAC-2027-210x300.png 210w, https:\/\/dueceira.pt\/wp-content\/uploads\/2025\/11\/Ficha-de-Projecto-PEPAC-2027-400x570.png 400w, https:\/\/dueceira.pt\/wp-content\/uploads\/2025\/11\/Ficha-de-Projecto-PEPAC-2027-600x855.png 600w, https:\/\/dueceira.pt\/wp-content\/uploads\/2025\/11\/Ficha-de-Projecto-PEPAC-2027.png 674w\" sizes=\"(max-width: 674px) 100vw, 674px\" \/><\/a><\/p>\n<p>&nbsp;<\/p>\n<hr \/>\n<p>&nbsp;<\/p>\n","protected":false},"excerpt":{"rendered":"<p>Anima\u00e7\u00e3o e Promo\u00e7\u00e3o Territorial [Quadro Referencial] &nbsp; &nbsp;<\/p>\n","protected":false},"author":3,"featured_media":0,"parent":0,"menu_order":0,"comment_status":"closed","ping_status":"closed","template":"","meta":{"footnotes":""},"class_list":["post-15343","page","type-page","status-publish","hentry"],"jetpack_sharing_enabled":true,"_links":{"self":[{"href":"https:\/\/dueceira.pt\/index.php?rest_route=\/wp\/v2\/pages\/15343","targetHints":{"allow":["GET"]}}],"collection":[{"href":"https:\/\/dueceira.pt\/index.php?rest_route=\/wp\/v2\/pages"}],"about":[{"href":"https:\/\/dueceira.pt\/index.php?rest_route=\/wp\/v2\/types\/page"}],"author":[{"embeddable":true,"href":"https:\/\/dueceira.pt\/index.php?rest_route=\/wp\/v2\/users\/3"}],"replies":[{"embeddable":true,"href":"https:\/\/dueceira.pt\/index.php?rest_route=%2Fwp%2Fv2%2Fcomments&post=15343"}],"version-history":[{"count":5,"href":"https:\/\/dueceira.pt\/index.php?rest_route=\/wp\/v2\/pages\/15343\/revisions"}],"predecessor-version":[{"id":15354,"href":"https:\/\/dueceira.pt\/index.php?rest_route=\/wp\/v2\/pages\/15343\/revisions\/15354"}],"wp:attachment":[{"href":"https:\/\/dueceira.pt\/index.php?rest_route=%2Fwp%2Fv2%2Fmedia&parent=15343"}],"curies":[{"name":"wp","href":"https:\/\/api.w.org\/{rel}","templated":true}]}}