{"id":12451,"date":"2016-06-07T16:34:41","date_gmt":"2016-06-07T16:34:41","guid":{"rendered":"http:\/\/dueceira.pt\/new\/?post_type=tribe_events&#038;p=12451"},"modified":"2016-06-07T16:38:13","modified_gmt":"2016-06-07T16:38:13","slug":"1o-seminario-comunidades-locais-e-baldios","status":"publish","type":"tribe_events","link":"https:\/\/dueceira.pt\/?tribe_events=1o-seminario-comunidades-locais-e-baldios","title":{"rendered":"1\u00ba. Semin\u00e1rio Comunidades Locais e BALDIOS"},"content":{"rendered":"<p>21 de Maio de 2016 Lous\u00e3<br \/>\numa organiza\u00e7\u00e3o do Conselho Directivo dos BALDIOS da extinta freguesia de Vilarinho.<\/p>\n<p>PROGRAMA<br \/>\nI Semin\u00e1rio \u00abComunidades locais e os baldios\u00bb<\/p>\n<p>09h00: ABERTURA DO SECRETARIADO<\/p>\n<p>09h45: SESS\u00c3O DE ABERTURA<br \/>\nSecret\u00e1rio de Estado das Florestas e do Desenvolvimento Rural<br \/>\nPresidente da C\u00e2mara Municipal da Lous\u00e3<br \/>\nPresidente da Junta de Freguesia Lous\u00e3 e Vilarinho<br \/>\nRepresentante do Centro de Estudos Sociais da Universidade de Coimbra<br \/>\nPresidente da Assembleia dos Baldios de Vilarinho<\/p>\n<p>10h00: A HIST\u00d3RIA DOS BALDIOS, LEGISLA\u00c7\u00c3O E POLITICAS NACIONAIS<br \/>\nE COMUNIT\u00c1RIAS<br \/>\n&#8211; Baldios, Passado&#8230; e que Futuro<br \/>\nDr.\u00aa Rita Serra, Centro de Estudos Sociais da Universidade de Coimbra<br \/>\n&#8211; Lei dos Baldios<br \/>\nDr. Jos\u00e9 Augusto Ferreira da Silva, Jurista<br \/>\n&#8211; Formas de gest\u00e3o \uf002orestal das \u00e1reas baldias<br \/>\nEng.\u00ba Jo\u00e3o Gama Amaral, BALADI &#8211; Federa\u00e7\u00e3o Nacional dos Baldios<\/p>\n<p>11h20: INTERVALO<\/p>\n<p>11h30: PROMO\u00c7\u00c3O, DEFESA E DESENVOLVIMENTO DAS \u00c1REAS BALDIAS<br \/>\n&#8211; Doen\u00e7as e pragas \uf002orestais, a realidade das nossas \uf002orestas<br \/>\nProf.\u00aa Teresa Vasconselos, Escola Superior Agr\u00e1ria de Coimbra<br \/>\n&#8211; As potencialidades dos baldios, sobretudo como motor de<br \/>\nassociativismo<br \/>\nEng.\u00aa Eug\u00e9nia Rodrigues, Baldios de Vilarinho<br \/>\n&#8211; A investiga\u00e7\u00e3o aplicada ao mundo rural. Gest\u00e3o do medronhal, um<br \/>\ncaso de sucesso<br \/>\nProf.\u00aa Filomena Gomes, Escola Superior Agr\u00e1ria de Coimbra<\/p>\n<p>13h00: ALMO\u00c7O<\/p>\n<p>14h30: OS NOVOS DESAFIOS DO MUNDO RURAL<br \/>\n&#8211; Aquisi\u00e7\u00e3o, prepara\u00e7\u00e3o e aplica\u00e7\u00e3o de produtos Fitofarmac\u00eauticos,<br \/>\nforma\u00e7\u00e3o, legisla\u00e7\u00e3o e procedimentos<br \/>\nEng.\u00aa Maria Manuela Nunes Castilho, DRAPcentro<br \/>\n&#8211; Atividades de anima\u00e7\u00e3o tur\u00edstica &#8211; legisla\u00e7\u00e3o e incentivos<br \/>\nDr. Gon\u00e7alo Gomes, Coordenador do N\u00facleo ao Investimento Tur\u00edstico<br \/>\nda Turismo do Centro de Portugal<\/p>\n<p>16h15: INTERVALO<\/p>\n<p>16h30: MESA REDONDA<br \/>\n\u00abCONSTRANGIMENTOS, DESAFIOS E POTENCIALIDADE DAS \u00c1REAS<br \/>\nCOMUNIT\u00c1RIAS\u00bb<br \/>\nSr. Armando Carvalho, BALADI &#8211; Federa\u00e7\u00e3o Nacional dos Baldios<br \/>\nDr.\u00aa Rita Serra, Centro de Estudos Sociais da Universidade de Coimbra<br \/>\nLu\u00eds Trota, Baldios de Vilarinho<br \/>\nProf. Xavier Sim\u00f3n, Universidade de Vigo<br \/>\nDr. Ant\u00f3nio Bica, Jurista<br \/>\nDr. Alberte R\u00f3m\u00e1n, Cooperativa tresp\u00e9s<br \/>\nModerador: Prof. Jo\u00e3o Arriscado Nunes, CES da Universidade de Coimbra<br \/>\n18h00: ENCERRAMENTO<br \/>\nSr. Lu\u00eds Trota; Baldios de Vilarinho<br \/>\nDr.\u00aa Rita Serra, Centro de Estudos Sociais da Universidade de Coimbra<\/p>\n<p>18h15: ENTREGA DE CERTIFICADOS<\/p>\n","protected":false},"excerpt":{"rendered":"<p>21 de Maio de 2016 Lous\u00e3 uma organiza\u00e7\u00e3o do Conselho Directivo dos BALDIOS da extinta freguesia de Vilarinho. PROGRAMA I Semin\u00e1rio \u00abComunidades locais e os baldios\u00bb 09h00: ABERTURA DO SECRETARIADO 09h45: SESS\u00c3O DE ABERTURA Secret\u00e1rio de Estado das Florestas e do Desenvolvimento Rural Presidente da C\u00e2mara Municipal da Lous\u00e3 Presidente da Junta de Freguesia Lous\u00e3  [&#8230;]<\/p>\n","protected":false},"author":3,"featured_media":12452,"template":"","meta":{"_tribe_events_status":"","_tribe_events_status_reason":"","footnotes":""},"tags":[],"tribe_events_cat":[],"class_list":["post-12451","tribe_events","type-tribe_events","status-publish","has-post-thumbnail","hentry"],"jetpack_sharing_enabled":true,"_links":{"self":[{"href":"https:\/\/dueceira.pt\/index.php?rest_route=\/wp\/v2\/tribe_events\/12451","targetHints":{"allow":["GET"]}}],"collection":[{"href":"https:\/\/dueceira.pt\/index.php?rest_route=\/wp\/v2\/tribe_events"}],"about":[{"href":"https:\/\/dueceira.pt\/index.php?rest_route=\/wp\/v2\/types\/tribe_events"}],"author":[{"embeddable":true,"href":"https:\/\/dueceira.pt\/index.php?rest_route=\/wp\/v2\/users\/3"}],"version-history":[{"count":0,"href":"https:\/\/dueceira.pt\/index.php?rest_route=\/wp\/v2\/tribe_events\/12451\/revisions"}],"wp:featuredmedia":[{"embeddable":true,"href":"https:\/\/dueceira.pt\/index.php?rest_route=\/wp\/v2\/media\/12452"}],"wp:attachment":[{"href":"https:\/\/dueceira.pt\/index.php?rest_route=%2Fwp%2Fv2%2Fmedia&parent=12451"}],"wp:term":[{"taxonomy":"post_tag","embeddable":true,"href":"https:\/\/dueceira.pt\/index.php?rest_route=%2Fwp%2Fv2%2Ftags&post=12451"},{"taxonomy":"tribe_events_cat","embeddable":true,"href":"https:\/\/dueceira.pt\/index.php?rest_route=%2Fwp%2Fv2%2Ftribe_events_cat&post=12451"}],"curies":[{"name":"wp","href":"https:\/\/api.w.org\/{rel}","templated":true}]}}

1º. Seminário Comunidades Locais e BALDIOS

<p>21 de Maio de 2016 Lousã<br />
uma organização do Conselho Directivo dos BALDIOS da extinta freguesia de Vilarinho.</p>
<p>PROGRAMA<br />
I Seminário «Comunidades locais e os baldios»</p>
<p>09h00: ABERTURA DO SECRETARIADO</p>
<p>09h45: SESSÃO DE ABERTURA<br />
Secretário de Estado das Florestas e do Desenvolvimento Rural<br />
Presidente da Câmara Municipal da Lousã<br />
Presidente da Junta de Freguesia Lousã e Vilarinho<br />
Representante do Centro de Estudos Sociais da Universidade de Coimbra<br />
Presidente da Assembleia dos Baldios de Vilarinho</p>
<p>10h00: A HISTÓRIA DOS BALDIOS, LEGISLAÇÃO E POLITICAS NACIONAIS<br />
E COMUNITÁRIAS<br />
&#8211; Baldios, Passado&#8230; e que Futuro<br />
Dr.ª Rita Serra, Centro de Estudos Sociais da Universidade de Coimbra<br />
&#8211; Lei dos Baldios<br />
Dr. José Augusto Ferreira da Silva, Jurista<br />
&#8211; Formas de gestão orestal das áreas baldias<br />
Eng.º João Gama Amaral, BALADI &#8211; Federação Nacional dos Baldios</p>
<p>11h20: INTERVALO</p>
<p>11h30: PROMOÇÃO, DEFESA E DESENVOLVIMENTO DAS ÁREAS BALDIAS<br />
&#8211; Doenças e pragas orestais, a realidade das nossas orestas<br />
Prof.ª Teresa Vasconselos, Escola Superior Agrária de Coimbra<br />
&#8211; As potencialidades dos baldios, sobretudo como motor de<br />
associativismo<br />
Eng.ª Eugénia Rodrigues, Baldios de Vilarinho<br />
&#8211; A investigação aplicada ao mundo rural. Gestão do medronhal, um<br />
caso de sucesso<br />
Prof.ª Filomena Gomes, Escola Superior Agrária de Coimbra</p>
<p>13h00: ALMOÇO</p>
<p>14h30: OS NOVOS DESAFIOS DO MUNDO RURAL<br />
&#8211; Aquisição, preparação e aplicação de produtos Fitofarmacêuticos,<br />
formação, legislação e procedimentos<br />
Eng.ª Maria Manuela Nunes Castilho, DRAPcentro<br />
&#8211; Atividades de animação turística &#8211; legislação e incentivos<br />
Dr. Gonçalo Gomes, Coordenador do Núcleo ao Investimento Turístico<br />
da Turismo do Centro de Portugal</p>
<p>16h15: INTERVALO</p>
<p>16h30: MESA REDONDA<br />
«CONSTRANGIMENTOS, DESAFIOS E POTENCIALIDADE DAS ÁREAS<br />
COMUNITÁRIAS»<br />
Sr. Armando Carvalho, BALADI &#8211; Federação Nacional dos Baldios<br />
Dr.ª Rita Serra, Centro de Estudos Sociais da Universidade de Coimbra<br />
Luís Trota, Baldios de Vilarinho<br />
Prof. Xavier Simón, Universidade de Vigo<br />
Dr. António Bica, Jurista<br />
Dr. Alberte Rómán, Cooperativa trespés<br />
Moderador: Prof. João Arriscado Nunes, CES da Universidade de Coimbra<br />
18h00: ENCERRAMENTO<br />
Sr. Luís Trota; Baldios de Vilarinho<br />
Dr.ª Rita Serra, Centro de Estudos Sociais da Universidade de Coimbra</p>
<p>18h15: ENTREGA DE CERTIFICADOS</p>

<p>21 de Maio de 2016 Lousã uma organização do Conselho Directivo dos BALDIOS da extinta freguesia de Vilarinho. PROGRAMA I Seminário «Comunidades locais e os baldios» 09h00: ABERTURA DO SECRETARIADO 09h45: SESSÃO DE ABERTURA Secretário de Estado das Florestas e do Desenvolvimento Rural Presidente da Câmara Municipal da Lousã Presidente da Junta de Freguesia Lousã  [&#8230;]</p>
