{"id":12467,"date":"2016-06-09T11:00:48","date_gmt":"2016-06-09T11:00:48","guid":{"rendered":"http:\/\/dueceira.pt\/new\/?post_type=tribe_events&#038;p=12467"},"modified":"2017-02-08T10:55:14","modified_gmt":"2017-02-08T10:55:14","slug":"seminario-oportunidades-de-financimento-eficiencia-energetica-e-energias-renovaveis","status":"publish","type":"tribe_events","link":"https:\/\/dueceira.pt\/?tribe_events=seminario-oportunidades-de-financimento-eficiencia-energetica-e-energias-renovaveis","title":{"rendered":"Semin\u00e1rio Oportunidades de Financimento &#8211; Efici\u00eancia Energ\u00e9tica e Energias Renov\u00e1veis"},"content":{"rendered":"<p>Realiza-se no pr\u00f3ximo dia 16 de Junho, a partir das 9h30 no Audit\u00f3rio da C\u00e2mara Municipal de Miranda do Corvo, o Semin\u00e1rio \u201cOportunidades de Financiamento \u2013 Efici\u00eancia Energ\u00e9tica e Energias Renov\u00e1veis\u201d, organizado pelo nosso Associado AREAC- Ag\u00eancia Regional de Energia e Ambiente do Centro o Semin\u00e1rio no qual s\u00e3o abordadas as diferentes possibilidades de apoio e interven\u00e7\u00e3o no \u00e2mbito do POSEUR para empresas, munic\u00edpios, corpora\u00e7\u00f5es de bombeiros e institui\u00e7\u00f5es de solidariedade social.<\/p>\n<p>Inscri\u00e7oes gratuitas, embora sujeitas a confirma\u00e7\u00e3o atrav\u00e9s do link:<\/p>\n<p><a href=\"https:\/\/docs.google.com\/forms\/d\/1RF35p9SDISyoNYTg2WeDvy-X2-0BtH_O8fU8j2R1Y0s\/viewform?c=0&amp;w=1\">https:\/\/docs.google.com\/forms\/d\/1RF35p9SDISyoNYTg2WeDvy-X2-0BtH_O8fU8j2R1Y0s\/viewform?c=0&amp;w=1<\/a><\/p>\n<p><a href=\"http:\/\/dueceira.pt\/wp-content\/uploads\/2016\/06\/13238944_983532838427767_7232544027552475381_n.jpg\" rel=\"attachment wp-att-12466\"><img decoding=\"async\" class=\"alignnone size-medium wp-image-12466\" src=\"http:\/\/dueceira.pt\/wp-content\/uploads\/2016\/06\/13238944_983532838427767_7232544027552475381_n-208x300.jpg\" alt=\"13238944_983532838427767_7232544027552475381_n\" width=\"208\" height=\"300\" srcset=\"https:\/\/dueceira.pt\/wp-content\/uploads\/2016\/06\/13238944_983532838427767_7232544027552475381_n-208x300.jpg 208w, https:\/\/dueceira.pt\/wp-content\/uploads\/2016\/06\/13238944_983532838427767_7232544027552475381_n.jpg 664w\" sizes=\"(max-width: 208px) 100vw, 208px\" \/><\/a><\/p>\n","protected":false},"excerpt":{"rendered":"<p>Realiza-se no pr\u00f3ximo dia 16 de Junho, a partir das 9h30 no Audit\u00f3rio da C\u00e2mara Municipal de Miranda do Corvo, o Semin\u00e1rio \u201cOportunidades de Financiamento \u2013 Efici\u00eancia Energ\u00e9tica e Energias Renov\u00e1veis\u201d, organizado pelo nosso Associado AREAC- Ag\u00eancia Regional de Energia e Ambiente do Centro o Semin\u00e1rio no qual s\u00e3o abordadas as diferentes possibilidades de apoio  [&#8230;]<\/p>\n","protected":false},"author":3,"featured_media":0,"template":"","meta":{"_tribe_events_status":"","_tribe_events_status_reason":"","footnotes":""},"tags":[],"tribe_events_cat":[],"class_list":["post-12467","tribe_events","type-tribe_events","status-publish","hentry"],"jetpack_sharing_enabled":true,"_links":{"self":[{"href":"https:\/\/dueceira.pt\/index.php?rest_route=\/wp\/v2\/tribe_events\/12467","targetHints":{"allow":["GET"]}}],"collection":[{"href":"https:\/\/dueceira.pt\/index.php?rest_route=\/wp\/v2\/tribe_events"}],"about":[{"href":"https:\/\/dueceira.pt\/index.php?rest_route=\/wp\/v2\/types\/tribe_events"}],"author":[{"embeddable":true,"href":"https:\/\/dueceira.pt\/index.php?rest_route=\/wp\/v2\/users\/3"}],"version-history":[{"count":0,"href":"https:\/\/dueceira.pt\/index.php?rest_route=\/wp\/v2\/tribe_events\/12467\/revisions"}],"wp:attachment":[{"href":"https:\/\/dueceira.pt\/index.php?rest_route=%2Fwp%2Fv2%2Fmedia&parent=12467"}],"wp:term":[{"taxonomy":"post_tag","embeddable":true,"href":"https:\/\/dueceira.pt\/index.php?rest_route=%2Fwp%2Fv2%2Ftags&post=12467"},{"taxonomy":"tribe_events_cat","embeddable":true,"href":"https:\/\/dueceira.pt\/index.php?rest_route=%2Fwp%2Fv2%2Ftribe_events_cat&post=12467"}],"curies":[{"name":"wp","href":"https:\/\/api.w.org\/{rel}","templated":true}]}}

Seminário Oportunidades de Financimento &#8211; Eficiência Energética e Energias Renováveis

<p>Realiza-se no próximo dia 16 de Junho, a partir das 9h30 no Auditório da Câmara Municipal de Miranda do Corvo, o Seminário “Oportunidades de Financiamento – Eficiência Energética e Energias Renováveis”, organizado pelo nosso Associado AREAC- Agência Regional de Energia e Ambiente do Centro o Seminário no qual são abordadas as diferentes possibilidades de apoio e intervenção no âmbito do POSEUR para empresas, municípios, corporações de bombeiros e instituições de solidariedade social.</p>
<p>Inscriçoes gratuitas, embora sujeitas a confirmação através do link:</p>
<p><a href="https://docs.google.com/forms/d/1RF35p9SDISyoNYTg2WeDvy-X2-0BtH_O8fU8j2R1Y0s/viewform?c=0&amp;w=1">https://docs.google.com/forms/d/1RF35p9SDISyoNYTg2WeDvy-X2-0BtH_O8fU8j2R1Y0s/viewform?c=0&amp;w=1</a></p>
<p><a href="http://dueceira.pt/wp-content/uploads/2016/06/13238944_983532838427767_7232544027552475381_n.jpg" rel="attachment wp-att-12466"><img decoding="async" class="alignnone size-medium wp-image-12466" src="http://dueceira.pt/wp-content/uploads/2016/06/13238944_983532838427767_7232544027552475381_n-208x300.jpg" alt="13238944_983532838427767_7232544027552475381_n" width="208" height="300" srcset="https://dueceira.pt/wp-content/uploads/2016/06/13238944_983532838427767_7232544027552475381_n-208x300.jpg 208w, https://dueceira.pt/wp-content/uploads/2016/06/13238944_983532838427767_7232544027552475381_n.jpg 664w" sizes="(max-width: 208px) 100vw, 208px" /></a></p>

<p>Realiza-se no próximo dia 16 de Junho, a partir das 9h30 no Auditório da Câmara Municipal de Miranda do Corvo, o Seminário “Oportunidades de Financiamento – Eficiência Energética e Energias Renováveis”, organizado pelo nosso Associado AREAC- Agência Regional de Energia e Ambiente do Centro o Seminário no qual são abordadas as diferentes possibilidades de apoio  [&#8230;]</p>
