{"id":12815,"date":"2017-02-08T11:08:34","date_gmt":"2017-02-08T11:08:34","guid":{"rendered":"http:\/\/dueceira.pt\/new\/?post_type=tribe_events&#038;p=12815"},"modified":"2017-02-08T11:10:57","modified_gmt":"2017-02-08T11:10:57","slug":"rede-de-castelos-e-muralhas-de-coimbra","status":"publish","type":"tribe_events","link":"https:\/\/dueceira.pt\/?tribe_events=rede-de-castelos-e-muralhas-de-coimbra","title":{"rendered":"Rede de Castelos e Muralhas de Coimbra"},"content":{"rendered":"<p>9 Fevereiro 2017, Quinta-Feira, 14h30<br \/>\nCoimbra, Antiga Igreja do Convento de S\u00e3o Francisco<br \/>\nRede de Castelos e Muralhas de Coimbra &#8211; evolu\u00e7\u00e3o de um projecto territorial<\/p>\n<p>Inscri\u00e7\u00f5es Gratu\u00edtas mas obrigat\u00f3rias atrav\u00e9s do link<br \/>\n<a href=\"http:\/\/www.castelosemuralhasdomondego.pt\/website\/evento-rede.php\">http:\/\/www.castelosemuralhasdomondego.pt\/website\/evento-rede.php<\/a><\/p>\n<p><a href=\"http:\/\/dueceira.pt\/wp-content\/uploads\/2017\/02\/Cartaz_final.jpg\" rel=\"attachment wp-att-12816\"><img decoding=\"async\" class=\"alignnone wp-image-12816\" src=\"http:\/\/dueceira.pt\/wp-content\/uploads\/2017\/02\/Cartaz_final-725x1024.jpg\" alt=\"Cartaz_final\" width=\"280\" height=\"395\" srcset=\"https:\/\/dueceira.pt\/wp-content\/uploads\/2017\/02\/Cartaz_final-212x300.jpg 212w, https:\/\/dueceira.pt\/wp-content\/uploads\/2017\/02\/Cartaz_final-725x1024.jpg 725w, https:\/\/dueceira.pt\/wp-content\/uploads\/2017\/02\/Cartaz_final-768x1084.jpg 768w, https:\/\/dueceira.pt\/wp-content\/uploads\/2017\/02\/Cartaz_final.jpg 3524w\" sizes=\"(max-width: 280px) 100vw, 280px\" \/><\/a><\/p>\n<p><a href=\"http:\/\/dueceira.pt\/wp-content\/uploads\/2017\/02\/rede.jpg\" rel=\"attachment wp-att-12817\"><img decoding=\"async\" class=\"alignnone wp-image-12817\" src=\"http:\/\/dueceira.pt\/wp-content\/uploads\/2017\/02\/rede.jpg\" alt=\"rede\" width=\"518\" height=\"395\" srcset=\"https:\/\/dueceira.pt\/wp-content\/uploads\/2017\/02\/rede-180x138.jpg 180w, https:\/\/dueceira.pt\/wp-content\/uploads\/2017\/02\/rede-300x229.jpg 300w, https:\/\/dueceira.pt\/wp-content\/uploads\/2017\/02\/rede-768x587.jpg 768w, https:\/\/dueceira.pt\/wp-content\/uploads\/2017\/02\/rede.jpg 886w\" sizes=\"(max-width: 518px) 100vw, 518px\" \/><\/a><\/p>\n","protected":false},"excerpt":{"rendered":"<p>9 Fevereiro 2017, Quinta-Feira, 14h30 Coimbra, Antiga Igreja do Convento de S\u00e3o Francisco Rede de Castelos e Muralhas de Coimbra &#8211; evolu\u00e7\u00e3o de um projecto territorial Inscri\u00e7\u00f5es Gratu\u00edtas mas obrigat\u00f3rias atrav\u00e9s do link http:\/\/www.castelosemuralhasdomondego.pt\/website\/evento-rede.php<\/p>\n","protected":false},"author":3,"featured_media":0,"template":"","meta":{"_tribe_events_status":"","_tribe_events_status_reason":"","footnotes":""},"tags":[],"tribe_events_cat":[],"class_list":["post-12815","tribe_events","type-tribe_events","status-publish","hentry"],"jetpack_sharing_enabled":true,"_links":{"self":[{"href":"https:\/\/dueceira.pt\/index.php?rest_route=\/wp\/v2\/tribe_events\/12815","targetHints":{"allow":["GET"]}}],"collection":[{"href":"https:\/\/dueceira.pt\/index.php?rest_route=\/wp\/v2\/tribe_events"}],"about":[{"href":"https:\/\/dueceira.pt\/index.php?rest_route=\/wp\/v2\/types\/tribe_events"}],"author":[{"embeddable":true,"href":"https:\/\/dueceira.pt\/index.php?rest_route=\/wp\/v2\/users\/3"}],"version-history":[{"count":0,"href":"https:\/\/dueceira.pt\/index.php?rest_route=\/wp\/v2\/tribe_events\/12815\/revisions"}],"wp:attachment":[{"href":"https:\/\/dueceira.pt\/index.php?rest_route=%2Fwp%2Fv2%2Fmedia&parent=12815"}],"wp:term":[{"taxonomy":"post_tag","embeddable":true,"href":"https:\/\/dueceira.pt\/index.php?rest_route=%2Fwp%2Fv2%2Ftags&post=12815"},{"taxonomy":"tribe_events_cat","embeddable":true,"href":"https:\/\/dueceira.pt\/index.php?rest_route=%2Fwp%2Fv2%2Ftribe_events_cat&post=12815"}],"curies":[{"name":"wp","href":"https:\/\/api.w.org\/{rel}","templated":true}]}}

<p>9 Fevereiro 2017, Quinta-Feira, 14h30<br />
Coimbra, Antiga Igreja do Convento de São Francisco<br />
Rede de Castelos e Muralhas de Coimbra &#8211; evolução de um projecto territorial</p>
<p>Inscrições Gratuítas mas obrigatórias através do link<br />
<a href="http://www.castelosemuralhasdomondego.pt/website/evento-rede.php">http://www.castelosemuralhasdomondego.pt/website/evento-rede.php</a></p>
<p><a href="http://dueceira.pt/wp-content/uploads/2017/02/Cartaz_final.jpg" rel="attachment wp-att-12816"><img decoding="async" class="alignnone wp-image-12816" src="http://dueceira.pt/wp-content/uploads/2017/02/Cartaz_final-725x1024.jpg" alt="Cartaz_final" width="280" height="395" srcset="https://dueceira.pt/wp-content/uploads/2017/02/Cartaz_final-212x300.jpg 212w, https://dueceira.pt/wp-content/uploads/2017/02/Cartaz_final-725x1024.jpg 725w, https://dueceira.pt/wp-content/uploads/2017/02/Cartaz_final-768x1084.jpg 768w, https://dueceira.pt/wp-content/uploads/2017/02/Cartaz_final.jpg 3524w" sizes="(max-width: 280px) 100vw, 280px" /></a></p>
<p><a href="http://dueceira.pt/wp-content/uploads/2017/02/rede.jpg" rel="attachment wp-att-12817"><img decoding="async" class="alignnone wp-image-12817" src="http://dueceira.pt/wp-content/uploads/2017/02/rede.jpg" alt="rede" width="518" height="395" srcset="https://dueceira.pt/wp-content/uploads/2017/02/rede-180x138.jpg 180w, https://dueceira.pt/wp-content/uploads/2017/02/rede-300x229.jpg 300w, https://dueceira.pt/wp-content/uploads/2017/02/rede-768x587.jpg 768w, https://dueceira.pt/wp-content/uploads/2017/02/rede.jpg 886w" sizes="(max-width: 518px) 100vw, 518px" /></a></p>

<p>9 Fevereiro 2017, Quinta-Feira, 14h30 Coimbra, Antiga Igreja do Convento de São Francisco Rede de Castelos e Muralhas de Coimbra &#8211; evolução de um projecto territorial Inscrições Gratuítas mas obrigatórias através do link http://www.castelosemuralhasdomondego.pt/website/evento-rede.php</p>
